Last updated on 2019-04-13 01:58:01 CEST.
Flavor | Version | Tinstall | Tcheck | Ttotal | Status | Flags |
---|---|---|---|---|---|---|
r-devel-linux-x86_64-debian-clang | 0.1.1 | 20.67 | 22.78 | 43.45 | OK | |
r-devel-linux-x86_64-debian-gcc | 0.1.1 | 17.87 | 18.82 | 36.69 | OK | |
r-devel-linux-x86_64-fedora-clang | 0.1.1 | 64.66 | NOTE | |||
r-devel-linux-x86_64-fedora-gcc | 0.1.1 | 59.93 | NOTE | |||
r-devel-windows-ix86+x86_64 | 0.1.1 | 63.00 | 72.00 | 135.00 | OK | |
r-patched-linux-x86_64 | 0.1.1 | 22.46 | 23.02 | 45.48 | OK | |
r-patched-solaris-x86 | 0.1.1 | 76.00 | OK | |||
r-release-linux-x86_64 | 0.1.1 | 21.04 | 21.93 | 42.97 | OK | |
r-release-windows-ix86+x86_64 | 0.1.1 | 64.00 | 56.00 | 120.00 | OK | |
r-release-osx-x86_64 | 0.1.1 | OK | ||||
r-oldrel-windows-ix86+x86_64 | 0.1.1 | 41.00 | 55.00 | 96.00 | OK | |
r-oldrel-osx-x86_64 | 0.1.1 | OK |
Version: 0.1.1
Check: compiled code
Result: NOTE
File ‘FastBandChol/libs/FastBandChol.so’:
Found no calls to: ‘R_registerRoutines’, ‘R_useDynamicSymbols’
It is good practice to register native routines and to disable symbol
search.
See ‘Writing portable packages’ in the ‘Writing R Extensions’ manual.
Flavors: r-devel-linux-x86_64-fedora-clang, r-devel-linux-x86_64-fedora-gcc