CRAN Package Check Results for Package FastGP

Last updated on 2019-04-13 01:58:01 CEST.

Flavor Version Tinstall Tcheck Ttotal Status Flags
r-devel-linux-x86_64-debian-clang 1.2 40.01 25.91 65.92 OK
r-devel-linux-x86_64-debian-gcc 1.2 30.87 21.64 52.51 OK
r-devel-linux-x86_64-fedora-clang 1.2 94.43 NOTE
r-devel-linux-x86_64-fedora-gcc 1.2 83.60 NOTE
r-devel-windows-ix86+x86_64 1.2 90.00 65.00 155.00 OK
r-patched-linux-x86_64 1.2 39.59 26.46 66.05 OK
r-patched-solaris-x86 1.2 91.10 OK
r-release-linux-x86_64 1.2 33.25 25.26 58.51 OK
r-release-windows-ix86+x86_64 1.2 88.00 55.00 143.00 OK
r-release-osx-x86_64 1.2 NOTE
r-oldrel-windows-ix86+x86_64 1.2 60.00 59.00 119.00 OK
r-oldrel-osx-x86_64 1.2 NOTE

Check Details

Version: 1.2
Check: installed package size
Result: NOTE
     installed size is 6.2Mb
     sub-directories of 1Mb or more:
     libs 5.8Mb
Flavors: r-devel-linux-x86_64-fedora-clang, r-release-osx-x86_64, r-oldrel-osx-x86_64

Version: 1.2
Check: compiled code
Result: NOTE
    File ‘FastGP/libs/FastGP.so’:
     Found no calls to: ‘R_registerRoutines’, ‘R_useDynamicSymbols’
    
    It is good practice to register native routines and to disable symbol
    search.
    
    See ‘Writing portable packages’ in the ‘Writing R Extensions’ manual.
Flavors: r-devel-linux-x86_64-fedora-clang, r-devel-linux-x86_64-fedora-gcc