Last updated on 2019-04-13 01:58:03 CEST.
Flavor | Version | Tinstall | Tcheck | Ttotal | Status | Flags |
---|---|---|---|---|---|---|
r-devel-linux-x86_64-debian-clang | 1.0 | 16.46 | 197.03 | 213.49 | NOTE | |
r-devel-linux-x86_64-debian-gcc | 1.0 | 14.70 | 167.37 | 182.07 | NOTE | |
r-devel-linux-x86_64-fedora-clang | 1.0 | 285.39 | NOTE | |||
r-devel-linux-x86_64-fedora-gcc | 1.0 | 270.04 | NOTE | |||
r-devel-windows-ix86+x86_64 | 1.0 | 49.00 | 323.00 | 372.00 | NOTE | |
r-patched-linux-x86_64 | 1.0 | 17.42 | 207.39 | 224.81 | NOTE | |
r-patched-solaris-x86 | 1.0 | 475.10 | NOTE | |||
r-release-linux-x86_64 | 1.0 | 10.22 | 202.09 | 212.31 | NOTE | |
r-release-windows-ix86+x86_64 | 1.0 | 32.00 | 302.00 | 334.00 | NOTE | |
r-release-osx-x86_64 | 1.0 | NOTE | ||||
r-oldrel-windows-ix86+x86_64 | 1.0 | 20.00 | 211.00 | 231.00 | NOTE | |
r-oldrel-osx-x86_64 | 1.0 | ERROR |
Version: 1.0
Check: DESCRIPTION meta-information
Result: NOTE
Packages listed in more than one of Depends, Imports, Suggests, Enhances:
'GANPA' 'WGCNA'
A package should be listed in only one of these fields.
Flavors: r-devel-linux-x86_64-debian-clang, r-devel-linux-x86_64-debian-gcc, r-devel-linux-x86_64-fedora-clang, r-devel-linux-x86_64-fedora-gcc, r-devel-windows-ix86+x86_64, r-patched-linux-x86_64, r-patched-solaris-x86, r-release-linux-x86_64, r-release-windows-ix86+x86_64, r-release-osx-x86_64, r-oldrel-windows-ix86+x86_64
Version: 1.0
Check: dependencies in R code
Result: NOTE
'library' or 'require' calls to packages already attached by Depends:
'GANPA' 'WGCNA'
Please remove these calls from your code.
Packages in Depends field not imported from:
'GANPA' 'WGCNA'
These packages need to be imported from (in the NAMESPACE file)
for when this namespace is loaded but not attached.
Flavors: r-devel-linux-x86_64-debian-clang, r-devel-linux-x86_64-debian-gcc, r-devel-linux-x86_64-fedora-clang, r-devel-linux-x86_64-fedora-gcc, r-devel-windows-ix86+x86_64, r-patched-linux-x86_64, r-patched-solaris-x86, r-release-linux-x86_64, r-release-windows-ix86+x86_64, r-release-osx-x86_64, r-oldrel-windows-ix86+x86_64
Version: 1.0
Check: R code for possible problems
Result: NOTE
GOGANPA: no visible global function definition for 'GSE.Test.Main'
selectRho: no visible global function definition for
'scaleFreeFitIndex'
Undefined global functions or variables:
GSE.Test.Main scaleFreeFitIndex
Flavors: r-devel-linux-x86_64-debian-clang, r-devel-linux-x86_64-debian-gcc, r-devel-linux-x86_64-fedora-clang, r-devel-linux-x86_64-fedora-gcc, r-devel-windows-ix86+x86_64, r-patched-linux-x86_64, r-patched-solaris-x86, r-release-linux-x86_64, r-release-windows-ix86+x86_64, r-release-osx-x86_64, r-oldrel-windows-ix86+x86_64
Version: 1.0
Check: package dependencies
Result: ERROR
Package required but not available: ‘WGCNA’
Package suggested but not available for checking: ‘WGCNA’
See section ‘The DESCRIPTION file’ in the ‘Writing R Extensions’
manual.
Flavor: r-oldrel-osx-x86_64