Last updated on 2019-04-13 01:58:02 CEST.
Flavor | Version | Tinstall | Tcheck | Ttotal | Status | Flags |
---|---|---|---|---|---|---|
r-devel-linux-x86_64-debian-clang | 2.1.5 | 2.51 | 35.90 | 38.41 | OK | |
r-devel-linux-x86_64-debian-gcc | 2.1.5 | 2.11 | 28.56 | 30.67 | OK | |
r-devel-linux-x86_64-fedora-clang | 2.1.5 | 46.21 | NOTE | |||
r-devel-linux-x86_64-fedora-gcc | 2.1.5 | 44.53 | NOTE | |||
r-devel-windows-ix86+x86_64 | 2.1.5 | 8.00 | 79.00 | 87.00 | OK | |
r-patched-linux-x86_64 | 2.1.5 | 2.26 | 35.63 | 37.89 | OK | |
r-patched-solaris-x86 | 2.1.5 | 67.10 | NOTE | |||
r-release-linux-x86_64 | 2.1.5 | 1.05 | 34.23 | 35.28 | OK | |
r-release-windows-ix86+x86_64 | 2.1.5 | 3.00 | 50.00 | 53.00 | OK | |
r-release-osx-x86_64 | 2.1.5 | NOTE | ||||
r-oldrel-windows-ix86+x86_64 | 2.1.5 | 4.00 | 56.00 | 60.00 | OK | |
r-oldrel-osx-x86_64 | 2.1.5 | NOTE |
Version: 2.1.5
Check: data for non-ASCII characters
Result: NOTE
Note: found 17 marked UTF-8 strings
Flavors: r-devel-linux-x86_64-fedora-clang, r-devel-linux-x86_64-fedora-gcc, r-patched-solaris-x86, r-release-osx-x86_64, r-oldrel-osx-x86_64