CRAN Package Check Results for Package ICcforest

Last updated on 2019-04-13 01:58:05 CEST.

Flavor Version Tinstall Tcheck Ttotal Status Flags
r-devel-linux-x86_64-debian-clang 0.5.0 9.37 76.07 85.44 OK
r-devel-linux-x86_64-debian-gcc 0.5.0 6.98 59.46 66.44 OK
r-devel-linux-x86_64-fedora-clang 0.5.0 97.00 NOTE
r-devel-linux-x86_64-fedora-gcc 0.5.0 94.04 NOTE
r-devel-windows-ix86+x86_64 0.5.0 22.00 79.00 101.00 OK
r-patched-linux-x86_64 0.5.0 7.94 75.75 83.69 OK
r-patched-solaris-x86 0.5.0 150.00 NOTE
r-release-linux-x86_64 0.5.0 4.54 74.57 79.11 OK
r-release-windows-ix86+x86_64 0.5.0 14.00 83.00 97.00 OK
r-release-osx-x86_64 0.5.0 NOTE
r-oldrel-windows-ix86+x86_64 0.5.0 10.00 98.00 108.00 OK
r-oldrel-osx-x86_64 0.5.0 NOTE

Check Details

Version: 0.5.0
Check: dependencies in R code
Result: NOTE
    Namespace in Imports field not imported from: ‘parallel’
     All declared Imports should be used.
Flavors: r-devel-linux-x86_64-fedora-clang, r-devel-linux-x86_64-fedora-gcc, r-patched-solaris-x86, r-release-osx-x86_64, r-oldrel-osx-x86_64