Last updated on 2019-04-13 01:58:05 CEST.
Flavor | Version | Tinstall | Tcheck | Ttotal | Status | Flags |
---|---|---|---|---|---|---|
r-devel-linux-x86_64-debian-clang | 0.0.2 | 47.73 | 35.09 | 82.82 | WARN | |
r-devel-linux-x86_64-debian-gcc | 0.0.2 | 40.26 | 27.80 | 68.06 | OK | |
r-devel-linux-x86_64-fedora-clang | 0.0.2 | 121.75 | WARN | |||
r-devel-linux-x86_64-fedora-gcc | 0.0.2 | 115.60 | OK | |||
r-devel-windows-ix86+x86_64 | 0.0.2 | 133.00 | 102.00 | 235.00 | OK | |
r-patched-linux-x86_64 | 0.0.2 | 49.21 | 35.30 | 84.51 | OK | |
r-patched-solaris-x86 | 0.0.2 | 135.70 | OK | |||
r-release-linux-x86_64 | 0.0.2 | 49.69 | 33.78 | 83.47 | OK | |
r-release-windows-ix86+x86_64 | 0.0.2 | 138.00 | 92.00 | 230.00 | OK | |
r-release-osx-x86_64 | 0.0.2 | WARN | ||||
r-oldrel-windows-ix86+x86_64 | 0.0.2 | 88.00 | 81.00 | 169.00 | OK | |
r-oldrel-osx-x86_64 | 0.0.2 | OK |
Version: 0.0.2
Check: whether package can be installed
Result: WARN
Found the following significant warnings:
IM4ECpp.cpp:24:54: warning: explicitly assigning value of variable of type 'double' to itself [-Wself-assign]
IM4ECpp.cpp:24:65: warning: explicitly assigning value of variable of type 'double' to itself [-Wself-assign]
IM4ECpp.cpp:33:54: warning: explicitly assigning value of variable of type 'double' to itself [-Wself-assign]
IM4ECpp.cpp:33:65: warning: explicitly assigning value of variable of type 'double' to itself [-Wself-assign]
ImmigrateCpp.cpp:22:62: warning: explicitly assigning value of variable of type 'double' to itself [-Wself-assign]
ImmigrateCpp.cpp:32:62: warning: explicitly assigning value of variable of type 'double' to itself [-Wself-assign]
imIM4ECpp.cpp:24:59: warning: explicitly assigning value of variable of type 'double' to itself [-Wself-assign]
imIM4ECpp.cpp:24:67: warning: explicitly assigning value of variable of type 'double' to itself [-Wself-assign]
imIM4ECpp.cpp:24:78: warning: explicitly assigning value of variable of type 'double' to itself [-Wself-assign]
imIM4ECpp.cpp:33:59: warning: explicitly assigning value of variable of type 'double' to itself [-Wself-assign]
imIM4ECpp.cpp:33:67: warning: explicitly assigning value of variable of type 'double' to itself [-Wself-assign]
imIM4ECpp.cpp:33:78: warning: explicitly assigning value of variable of type 'double' to itself [-Wself-assign]
Flavors: r-devel-linux-x86_64-debian-clang, r-devel-linux-x86_64-fedora-clang, r-release-osx-x86_64