Last updated on 2019-04-13 01:58:08 CEST.
Flavor | Version | Tinstall | Tcheck | Ttotal | Status | Flags |
---|---|---|---|---|---|---|
r-devel-linux-x86_64-debian-clang | 0.3.2 | 2.38 | 22.43 | 24.81 | OK | |
r-devel-linux-x86_64-debian-gcc | 0.3.2 | 2.07 | 18.86 | 20.93 | OK | |
r-devel-linux-x86_64-fedora-clang | 0.3.2 | 30.88 | OK | |||
r-devel-linux-x86_64-fedora-gcc | 0.3.2 | 29.89 | OK | |||
r-devel-windows-ix86+x86_64 | 0.3.2 | 7.00 | 36.00 | 43.00 | OK | |
r-patched-linux-x86_64 | 0.3.2 | 2.55 | 22.66 | 25.21 | OK | |
r-patched-solaris-x86 | 0.3.2 | 49.20 | OK | |||
r-release-linux-x86_64 | 0.3.2 | 1.78 | 21.43 | 23.21 | OK | |
r-release-windows-ix86+x86_64 | 0.3.2 | 3.00 | 50.00 | 53.00 | OK | |
r-release-osx-x86_64 | 0.3.2 | OK | ||||
r-oldrel-windows-ix86+x86_64 | 0.3.2 | 4.00 | 33.00 | 37.00 | OK | |
r-oldrel-osx-x86_64 | 0.3.2 | WARN |
Version: 0.3.2
Check: package dependencies
Result: NOTE
Package suggested but not available for checking: ‘topicmodels’
Flavor: r-oldrel-osx-x86_64
Version: 0.3.2
Check: re-building of vignette outputs
Result: WARN
Error in re-building vignettes:
...
Warning: running command 'kpsewhich framed.sty' had status 1
Warning in test_latex_pkg("framed", system.file("misc", "framed.sty", package = "knitr")) :
unable to find LaTeX package 'framed'; will use a copy from knitr
Error in texi2dvi(file = file, pdf = TRUE, clean = clean, quiet = quiet, :
Running 'texi2dvi' on 'details.tex' failed.
LaTeX errors:
! LaTeX Error: File `multirow.sty' not found.
Type X to quit or <RETURN> to proceed,
or enter new name. (Default extension: sty)
! Emergency stop.
<read *>
l.60 ^^M
! ==> Fatal error occurred, no output PDF file produced!
Calls: buildVignettes -> texi2pdf -> texi2dvi
Execution halted
Flavor: r-oldrel-osx-x86_64