Last updated on 2019-04-13 01:58:08 CEST.
Flavor | Version | Tinstall | Tcheck | Ttotal | Status | Flags |
---|---|---|---|---|---|---|
r-devel-linux-x86_64-debian-clang | 1.0 | 4.92 | 68.94 | 73.86 | NOTE | |
r-devel-linux-x86_64-debian-gcc | 1.0 | 4.67 | 53.36 | 58.03 | NOTE | |
r-devel-linux-x86_64-fedora-clang | 1.0 | 85.21 | NOTE | |||
r-devel-linux-x86_64-fedora-gcc | 1.0 | 82.30 | NOTE | |||
r-devel-windows-ix86+x86_64 | 1.0 | 15.00 | 102.00 | 117.00 | NOTE | |
r-patched-linux-x86_64 | 1.0 | 5.13 | 68.78 | 73.91 | NOTE | |
r-patched-solaris-x86 | 1.0 | 110.90 | NOTE | |||
r-release-linux-x86_64 | 1.0 | 4.35 | 67.21 | 71.56 | NOTE | |
r-release-windows-ix86+x86_64 | 1.0 | 7.00 | 77.00 | 84.00 | NOTE | |
r-release-osx-x86_64 | 1.0 | NOTE | ||||
r-oldrel-windows-ix86+x86_64 | 1.0 | 5.00 | 79.00 | 84.00 | NOTE | |
r-oldrel-osx-x86_64 | 1.0 | NOTE |
Version: 1.0
Check: DESCRIPTION meta-information
Result: NOTE
Malformed Title field: should not end in a period.
Flavors: r-devel-linux-x86_64-debian-clang, r-devel-linux-x86_64-debian-gcc, r-devel-linux-x86_64-fedora-clang, r-devel-linux-x86_64-fedora-gcc, r-devel-windows-ix86+x86_64, r-patched-linux-x86_64, r-patched-solaris-x86, r-release-linux-x86_64, r-release-windows-ix86+x86_64, r-release-osx-x86_64, r-oldrel-windows-ix86+x86_64, r-oldrel-osx-x86_64
Version: 1.0
Check: top-level files
Result: NOTE
Non-standard file/directory found at top level:
'LDOD.Rproj'
Flavors: r-devel-linux-x86_64-debian-clang, r-devel-linux-x86_64-debian-gcc, r-devel-linux-x86_64-fedora-clang, r-devel-linux-x86_64-fedora-gcc, r-patched-linux-x86_64, r-release-linux-x86_64
Version: 1.0
Check: R code for possible problems
Result: NOTE
multistart : <anonymous>: no visible global function definition for
'runif'
plot.FreD.x: no visible global function definition for 'modifyList'
plot.FreD.x: no visible global function definition for 'abline'
plot.FreD.x: no visible global function definition for 'points'
Undefined global functions or variables:
abline modifyList points runif
Consider adding
importFrom("graphics", "abline", "points")
importFrom("stats", "runif")
importFrom("utils", "modifyList")
to your NAMESPACE file.
Flavors: r-devel-linux-x86_64-debian-clang, r-devel-linux-x86_64-debian-gcc, r-devel-linux-x86_64-fedora-clang, r-devel-linux-x86_64-fedora-gcc, r-devel-windows-ix86+x86_64, r-patched-linux-x86_64, r-patched-solaris-x86, r-release-linux-x86_64, r-release-windows-ix86+x86_64, r-release-osx-x86_64, r-oldrel-windows-ix86+x86_64, r-oldrel-osx-x86_64