Last updated on 2019-04-13 01:58:08 CEST.
Flavor | Version | Tinstall | Tcheck | Ttotal | Status | Flags |
---|---|---|---|---|---|---|
r-devel-linux-x86_64-debian-clang | 0.1.2 | 1.79 | 17.42 | 19.21 | OK | |
r-devel-linux-x86_64-debian-gcc | 0.1.2 | 1.36 | 14.34 | 15.70 | OK | |
r-devel-linux-x86_64-fedora-clang | 0.1.2 | 22.95 | OK | |||
r-devel-linux-x86_64-fedora-gcc | 0.1.2 | 22.08 | OK | |||
r-devel-windows-ix86+x86_64 | 0.1.2 | 6.00 | 38.00 | 44.00 | OK | |
r-patched-linux-x86_64 | 0.1.2 | 1.51 | 17.79 | 19.30 | OK | |
r-patched-solaris-x86 | 0.1.2 | 35.10 | OK | |||
r-release-linux-x86_64 | 0.1.2 | 0.95 | 16.58 | 17.53 | OK | |
r-release-windows-ix86+x86_64 | 0.1.2 | 2.00 | 27.00 | 29.00 | OK | |
r-release-osx-x86_64 | 0.1.2 | OK | ||||
r-oldrel-windows-ix86+x86_64 | 0.1.1 | 4.00 | 27.00 | 31.00 | OK | |
r-oldrel-osx-x86_64 | 0.1.2 | ERROR |
Version: 0.1.2
Check: package dependencies
Result: ERROR
Package required and available but unsuitable version: ‘stats’
See section ‘The DESCRIPTION file’ in the ‘Writing R Extensions’
manual.
Flavor: r-oldrel-osx-x86_64