CRAN Package Check Results for Package LinkageMapView

Last updated on 2019-04-13 01:58:08 CEST.

Flavor Version Tinstall Tcheck Ttotal Status Flags
r-devel-linux-x86_64-debian-clang 2.1.2 3.70 72.01 75.71 OK
r-devel-linux-x86_64-debian-gcc 2.1.2 3.35 50.02 53.37 OK
r-devel-linux-x86_64-fedora-clang 2.1.2 91.20 NOTE
r-devel-linux-x86_64-fedora-gcc 2.1.2 82.35 NOTE
r-devel-windows-ix86+x86_64 2.1.2 9.00 82.00 91.00 OK
r-patched-linux-x86_64 2.1.2 3.81 67.38 71.19 OK
r-patched-solaris-x86 2.1.2 140.00 NOTE
r-release-linux-x86_64 2.1.2 2.89 65.83 68.72 OK
r-release-windows-ix86+x86_64 2.1.2 5.00 112.00 117.00 OK
r-release-osx-x86_64 2.1.2 NOTE
r-oldrel-windows-ix86+x86_64 2.1.2 3.00 92.00 95.00 OK
r-oldrel-osx-x86_64 2.1.2 NOTE

Check Details

Version: 2.1.2
Check: dependencies in R code
Result: NOTE
    Namespace in Imports field not imported from: ‘RColorBrewer’
     All declared Imports should be used.
Flavors: r-devel-linux-x86_64-fedora-clang, r-devel-linux-x86_64-fedora-gcc, r-patched-solaris-x86, r-release-osx-x86_64, r-oldrel-osx-x86_64