Last updated on 2019-04-13 01:58:09 CEST.
Flavor | Version | Tinstall | Tcheck | Ttotal | Status | Flags |
---|---|---|---|---|---|---|
r-devel-linux-x86_64-debian-clang | 1.1.3 | 8.85 | 71.37 | 80.22 | OK | |
r-devel-linux-x86_64-debian-gcc | 1.1.3 | 7.21 | 57.06 | 64.27 | OK | |
r-devel-linux-x86_64-fedora-clang | 1.1.3 | 95.17 | OK | |||
r-devel-linux-x86_64-fedora-gcc | 1.1.3 | 93.09 | OK | |||
r-devel-windows-ix86+x86_64 | 1.1.3 | 2.00 | 6.00 | 8.00 | ERROR | |
r-patched-linux-x86_64 | 1.1.3 | 9.18 | 70.03 | 79.21 | OK | |
r-patched-solaris-x86 | 1.1.3 | 147.30 | OK | |||
r-release-linux-x86_64 | 1.1.3 | 5.86 | 68.38 | 74.24 | OK | |
r-release-windows-ix86+x86_64 | 1.1.3 | 16.00 | 112.00 | 128.00 | OK | |
r-release-osx-x86_64 | 1.1.3 | OK | ||||
r-oldrel-windows-ix86+x86_64 | 1.1.3 | 9.00 | 79.00 | 88.00 | ERROR | |
r-oldrel-osx-x86_64 | 1.1.3 | OK |
Version: 1.1.3
Check: whether package can be installed
Result: ERROR
Installation failed.
Flavors: r-devel-windows-ix86+x86_64, r-oldrel-windows-ix86+x86_64