CRAN Package Check Results for Package MCMCpack

Last updated on 2019-04-13 01:58:10 CEST.

Flavor Version Tinstall Tcheck Ttotal Status Flags
r-devel-linux-x86_64-debian-clang 1.4-4 456.89 104.52 561.41 OK
r-devel-linux-x86_64-debian-gcc 1.4-4 260.02 82.51 342.53 OK
r-devel-linux-x86_64-fedora-clang 1.4-4 870.29 NOTE
r-devel-linux-x86_64-fedora-gcc 1.4-4 543.77 OK
r-devel-windows-ix86+x86_64 1.4-4 618.00 221.00 839.00 NOTE
r-patched-linux-x86_64 1.4-4 282.44 104.82 387.26 OK
r-patched-solaris-x86 1.4-4 1065.30 NOTE
r-release-linux-x86_64 1.4-4 287.93 97.12 385.05 OK
r-release-windows-ix86+x86_64 1.4-4 605.00 135.00 740.00 NOTE
r-release-osx-x86_64 1.4-4 NOTE
r-oldrel-windows-ix86+x86_64 1.4-4 443.00 145.00 588.00 NOTE
r-oldrel-osx-x86_64 1.4-4 NOTE

Check Details

Version: 1.4-4
Check: installed package size
Result: NOTE
     installed size is 38.4Mb
     sub-directories of 1Mb or more:
     libs 37.4Mb
Flavors: r-devel-linux-x86_64-fedora-clang, r-devel-windows-ix86+x86_64, r-patched-solaris-x86, r-release-windows-ix86+x86_64, r-release-osx-x86_64, r-oldrel-windows-ix86+x86_64, r-oldrel-osx-x86_64