Last updated on 2019-04-13 01:58:11 CEST.
Flavor | Version | Tinstall | Tcheck | Ttotal | Status | Flags |
---|---|---|---|---|---|---|
r-devel-linux-x86_64-debian-clang | 0.1.1 | 162.44 | 103.88 | 266.32 | NOTE | |
r-devel-linux-x86_64-debian-gcc | 0.1.1 | 100.72 | 81.48 | 182.20 | NOTE | |
r-devel-linux-x86_64-fedora-clang | 0.1.1 | 386.67 | NOTE | |||
r-devel-linux-x86_64-fedora-gcc | 0.1.1 | 270.76 | NOTE | |||
r-devel-windows-ix86+x86_64 | 0.1.1 | 221.00 | 153.00 | 374.00 | NOTE | |
r-patched-linux-x86_64 | 0.1.1 | 108.28 | 102.85 | 211.13 | NOTE | |
r-patched-solaris-x86 | 0.1.1 | 305.30 | NOTE | |||
r-release-linux-x86_64 | 0.1.1 | 108.51 | 101.53 | 210.04 | OK | |
r-release-windows-ix86+x86_64 | 0.1.1 | 208.00 | 192.00 | 400.00 | NOTE | |
r-release-osx-x86_64 | 0.1.1 | NOTE | ||||
r-oldrel-windows-ix86+x86_64 | 0.1.1 | 169.00 | 137.00 | 306.00 | NOTE | |
r-oldrel-osx-x86_64 | 0.1.1 | NOTE |
Version: 0.1.1
Check: line endings in C/C++/Fortran sources/headers
Result: NOTE
Found the following sources/headers with CR or CRLF line endings:
inst/include/ML.h
inst/include/MLCR.h
inst/include/MLeffort.h
inst/include/MSM1S.h
inst/include/MSM23.h
inst/include/functions.h
Some Unix compilers require LF line endings.
Flavors: r-devel-linux-x86_64-debian-clang, r-devel-linux-x86_64-debian-gcc, r-devel-linux-x86_64-fedora-clang, r-devel-linux-x86_64-fedora-gcc, r-devel-windows-ix86+x86_64, r-patched-linux-x86_64, r-patched-solaris-x86
Version: 0.1.1
Check: installed package size
Result: NOTE
installed size is 24.0Mb
sub-directories of 1Mb or more:
libs 23.6Mb
Flavors: r-devel-linux-x86_64-fedora-clang, r-devel-windows-ix86+x86_64, r-release-windows-ix86+x86_64, r-release-osx-x86_64, r-oldrel-windows-ix86+x86_64, r-oldrel-osx-x86_64