Last updated on 2019-04-13 01:58:12 CEST.
Flavor | Version | Tinstall | Tcheck | Ttotal | Status | Flags |
---|---|---|---|---|---|---|
r-devel-linux-x86_64-debian-clang | 0.1.5 | 20.64 | 67.23 | 87.87 | OK | |
r-devel-linux-x86_64-debian-gcc | 0.1.5 | 13.29 | 52.00 | 65.29 | OK | |
r-devel-linux-x86_64-fedora-clang | 0.1.5 | 101.63 | NOTE | |||
r-devel-linux-x86_64-fedora-gcc | 0.1.5 | 97.29 | NOTE | |||
r-devel-windows-ix86+x86_64 | 0.1.5 | 28.00 | 82.00 | 110.00 | OK | |
r-patched-linux-x86_64 | 0.1.5 | 21.20 | 66.93 | 88.13 | OK | |
r-patched-solaris-x86 | 0.1.5 | 148.20 | NOTE | |||
r-release-linux-x86_64 | 0.1.5 | 13.88 | 56.02 | 69.90 | OK | |
r-release-windows-ix86+x86_64 | 0.1.5 | 15.00 | 77.00 | 92.00 | OK | |
r-release-osx-x86_64 | 0.1.5 | NOTE | ||||
r-oldrel-windows-ix86+x86_64 | 0.1.5 | 3.00 | 65.00 | 68.00 | OK | |
r-oldrel-osx-x86_64 | 0.1.5 | NOTE |
Version: 0.1.5
Check: dependencies in R code
Result: NOTE
Namespace in Imports field not imported from: ‘grDevices’
All declared Imports should be used.
Flavors: r-devel-linux-x86_64-fedora-clang, r-devel-linux-x86_64-fedora-gcc, r-patched-solaris-x86, r-release-osx-x86_64, r-oldrel-osx-x86_64