Last updated on 2019-04-13 01:58:12 CEST.
Flavor | Version | Tinstall | Tcheck | Ttotal | Status | Flags |
---|---|---|---|---|---|---|
r-devel-linux-x86_64-debian-clang | 5.7 | 16.16 | 144.18 | 160.34 | OK | |
r-devel-linux-x86_64-debian-gcc | 5.7 | 13.95 | 113.42 | 127.37 | OK | |
r-devel-linux-x86_64-fedora-clang | 5.7 | 199.85 | OK | |||
r-devel-linux-x86_64-fedora-gcc | 5.7 | 189.74 | OK | |||
r-devel-windows-ix86+x86_64 | 5.7 | 38.00 | 212.00 | 250.00 | OK | |
r-patched-linux-x86_64 | 5.7 | 15.96 | 141.91 | 157.87 | OK | |
r-patched-solaris-x86 | 5.7 | 307.30 | OK | |||
r-release-linux-x86_64 | 5.7 | 10.71 | 139.11 | 149.82 | OK | |
r-release-windows-ix86+x86_64 | 5.7 | 44.00 | 201.00 | 245.00 | OK | |
r-release-osx-x86_64 | 5.7 | OK | ||||
r-oldrel-windows-ix86+x86_64 | 5.5 | 23.00 | 158.00 | 181.00 | OK | |
r-oldrel-osx-x86_64 | 5.7 | ERROR |
Version: 5.7
Check: whether package can be installed
Result: ERROR
Installation failed.
Flavor: r-oldrel-osx-x86_64