CRAN Package Check Results for Package MetaPath

Last updated on 2019-04-13 01:58:10 CEST.

Flavor Version Tinstall Tcheck Ttotal Status Flags
r-devel-linux-x86_64-debian-clang 1.0 18.20 163.93 182.13 NOTE
r-devel-linux-x86_64-debian-gcc 1.0 17.21 129.87 147.08 NOTE
r-devel-linux-x86_64-fedora-clang 1.0 221.88 NOTE
r-devel-linux-x86_64-fedora-gcc 1.0 210.85 NOTE
r-devel-windows-ix86+x86_64 1.0 55.00 172.00 227.00 NOTE
r-patched-linux-x86_64 1.0 22.75 161.50 184.25 NOTE
r-patched-solaris-x86 1.0 329.50 NOTE
r-release-linux-x86_64 1.0 14.30 157.07 171.37 NOTE
r-release-windows-ix86+x86_64 1.0 26.00 160.00 186.00 NOTE
r-release-osx-x86_64 1.0 NOTE
r-oldrel-windows-ix86+x86_64 1.0 24.00 166.00 190.00 NOTE
r-oldrel-osx-x86_64 1.0 NOTE

Check Details

Version: 1.0
Check: R code for possible problems
Result: NOTE
    MAPE: no visible global function definition for 'is'
    MAPE: no visible global function definition for 'new'
    Undefined global functions or variables:
     is new
    Consider adding
     importFrom("methods", "is", "new")
    to your NAMESPACE file (and ensure that your DESCRIPTION Imports field
    contains 'methods').
Flavors: r-devel-linux-x86_64-debian-clang, r-devel-linux-x86_64-debian-gcc, r-devel-linux-x86_64-fedora-clang, r-devel-linux-x86_64-fedora-gcc, r-devel-windows-ix86+x86_64, r-patched-linux-x86_64, r-patched-solaris-x86, r-release-linux-x86_64, r-release-windows-ix86+x86_64, r-release-osx-x86_64, r-oldrel-windows-ix86+x86_64, r-oldrel-osx-x86_64