CRAN Package Check Results for Package NetRep

Last updated on 2019-04-13 01:58:12 CEST.

Flavor Version Tinstall Tcheck Ttotal Status Flags
r-devel-linux-x86_64-debian-clang 1.2.1 124.17 145.62 269.79 OK
r-devel-linux-x86_64-debian-gcc 1.2.1 99.41 112.91 212.32 OK
r-devel-linux-x86_64-fedora-clang 1.2.1 378.56 NOTE
r-devel-linux-x86_64-fedora-gcc 1.2.1 349.33 OK
r-devel-windows-ix86+x86_64 1.2.1 365.00 246.00 611.00 OK
r-patched-linux-x86_64 1.2.1 118.94 144.58 263.52 OK
r-patched-solaris-x86 1.2.1 307.90 WARN
r-release-linux-x86_64 1.2.1 115.31 139.24 254.55 OK
r-release-windows-ix86+x86_64 1.2.1 246.00 248.00 494.00 OK
r-release-osx-x86_64 1.2.1 NOTE
r-oldrel-windows-ix86+x86_64 1.2.1 254.00 206.00 460.00 OK
r-oldrel-osx-x86_64 1.2.1 NOTE

Check Details

Version: 1.2.1
Check: installed package size
Result: NOTE
     installed size is 8.8Mb
     sub-directories of 1Mb or more:
     doc 1.8Mb
     libs 6.1Mb
Flavors: r-devel-linux-x86_64-fedora-clang, r-release-osx-x86_64, r-oldrel-osx-x86_64

Version: 1.2.1
Check: re-building of vignette outputs
Result: WARN
    Error(s) in re-building vignettes:
     ...
    --- re-building ‘NetRep.Rmd’ using rmarkdown
    Warning in engine$weave(file, quiet = quiet, encoding = enc) :
     Pandoc (>= 1.12.3) and/or pandoc-citeproc not available. Falling back to R Markdown v1.
    
     *** caught segfault ***
    address 20ad1dfe, cause 'memory not mapped'
Flavor: r-patched-solaris-x86