CRAN Package Check Results for Package NetworkChange

Last updated on 2019-04-13 01:58:12 CEST.

Flavor Version Tinstall Tcheck Ttotal Status Flags
r-devel-linux-x86_64-debian-clang 0.4 16.35 110.28 126.63 OK
r-devel-linux-x86_64-debian-gcc 0.4 14.73 84.09 98.82 OK
r-devel-linux-x86_64-fedora-clang 0.4 147.58 NOTE
r-devel-linux-x86_64-fedora-gcc 0.4 139.72 NOTE
r-devel-windows-ix86+x86_64 0.4 42.00 122.00 164.00 OK
r-patched-linux-x86_64 0.4 15.36 106.11 121.47 OK
r-patched-solaris-x86 0.4 222.00 NOTE
r-release-linux-x86_64 0.4 11.82 101.52 113.34 OK
r-release-windows-ix86+x86_64 0.4 26.00 150.00 176.00 OK
r-release-osx-x86_64 0.4 NOTE
r-oldrel-windows-ix86+x86_64 0.4 11.00 118.00 129.00 OK
r-oldrel-osx-x86_64 0.4 NOTE

Check Details

Version: 0.4
Check: dependencies in R code
Result: NOTE
    Namespace in Imports field not imported from: ‘plyr’
     All declared Imports should be used.
Flavors: r-devel-linux-x86_64-fedora-clang, r-devel-linux-x86_64-fedora-gcc, r-patched-solaris-x86, r-release-osx-x86_64, r-oldrel-osx-x86_64