CRAN Package Check Results for Package OceanView

Last updated on 2019-04-13 01:58:13 CEST.

Flavor Version Tinstall Tcheck Ttotal Status Flags
r-devel-linux-x86_64-debian-clang 1.0.4 8.04 87.01 95.05 OK
r-devel-linux-x86_64-debian-gcc 1.0.4 6.67 68.12 74.79 OK
r-devel-linux-x86_64-fedora-clang 1.0.4 116.47 NOTE
r-devel-linux-x86_64-fedora-gcc 1.0.4 114.82 NOTE
r-devel-windows-ix86+x86_64 1.0.4 22.00 200.00 222.00 OK
r-patched-linux-x86_64 1.0.4 7.93 86.50 94.43 OK
r-patched-solaris-x86 1.0.4 157.80 OK
r-release-linux-x86_64 1.0.4 6.23 84.88 91.11 OK
r-release-windows-ix86+x86_64 1.0.4 22.00 208.00 230.00 OK
r-release-osx-x86_64 1.0.4 OK
r-oldrel-windows-ix86+x86_64 1.0.4 11.00 165.00 176.00 OK
r-oldrel-osx-x86_64 1.0.4 OK

Check Details

Version: 1.0.4
Check: compiled code
Result: NOTE
    File ‘OceanView/libs/OceanView.so’:
     Found no calls to: ‘R_registerRoutines’, ‘R_useDynamicSymbols’
    
    It is good practice to register native routines and to disable symbol
    search.
    
    See ‘Writing portable packages’ in the ‘Writing R Extensions’ manual.
Flavors: r-devel-linux-x86_64-fedora-clang, r-devel-linux-x86_64-fedora-gcc