Last updated on 2019-04-13 01:58:13 CEST.
Flavor | Version | Tinstall | Tcheck | Ttotal | Status | Flags |
---|---|---|---|---|---|---|
r-devel-linux-x86_64-debian-clang | 1.1.5 | 47.95 | 80.44 | 128.39 | OK | |
r-devel-linux-x86_64-debian-gcc | 1.1.5 | 39.58 | 60.37 | 99.95 | OK | |
r-devel-linux-x86_64-fedora-clang | 1.1.5 | 172.26 | NOTE | |||
r-devel-linux-x86_64-fedora-gcc | 1.1.5 | 154.33 | OK | |||
r-devel-windows-ix86+x86_64 | 1.1.5 | 117.00 | 142.00 | 259.00 | OK | |
r-patched-linux-x86_64 | 1.1.5 | 45.84 | 74.38 | 120.22 | OK | |
r-patched-solaris-x86 | 1.1.5 | 246.60 | OK | |||
r-release-linux-x86_64 | 1.1.5 | 46.85 | 69.37 | 116.22 | OK | |
r-release-windows-ix86+x86_64 | 1.1.5 | 122.00 | 198.00 | 320.00 | OK | |
r-release-osx-x86_64 | 1.1.5 | NOTE | ||||
r-oldrel-windows-ix86+x86_64 | 1.1.5 | 94.00 | 139.00 | 233.00 | OK | |
r-oldrel-osx-x86_64 | 1.1.5 | NOTE |
Version: 1.1.5
Check: installed package size
Result: NOTE
installed size is 7.5Mb
sub-directories of 1Mb or more:
doc 2.1Mb
libs 4.8Mb
Flavors: r-devel-linux-x86_64-fedora-clang, r-release-osx-x86_64, r-oldrel-osx-x86_64