CRAN Package Check Results for Package Plasmode

Last updated on 2019-04-13 01:58:15 CEST.

Flavor Version Tinstall Tcheck Ttotal Status Flags
r-devel-linux-x86_64-debian-clang 0.1.0 8.39 58.09 66.48 OK
r-devel-linux-x86_64-debian-gcc 0.1.0 6.27 47.30 53.57 OK
r-devel-linux-x86_64-fedora-clang 0.1.0 79.00 NOTE
r-devel-linux-x86_64-fedora-gcc 0.1.0 74.99 NOTE
r-devel-windows-ix86+x86_64 0.1.0 17.00 70.00 87.00 OK
r-patched-linux-x86_64 0.1.0 8.06 58.53 66.59 OK
r-patched-solaris-x86 0.1.0 125.90 NOTE
r-release-linux-x86_64 0.1.0 4.66 55.85 60.51 OK
r-release-windows-ix86+x86_64 0.1.0 12.00 92.00 104.00 OK
r-release-osx-x86_64 0.1.0 NOTE
r-oldrel-windows-ix86+x86_64 0.1.0 8.00 66.00 74.00 OK
r-oldrel-osx-x86_64 0.1.0 NOTE

Check Details

Version: 0.1.0
Check: dependencies in R code
Result: NOTE
    Namespaces in Imports field not imported from:
     ‘MASS’ ‘Matrix’ ‘RColorBrewer’ ‘arm’ ‘epiDisplay’ ‘foreign’ ‘gbm’
     ‘grid’ ‘lattice’ ‘latticeExtra’ ‘lme4’ ‘nnet’ ‘parallel’ ‘splines’
     ‘survey’ ‘twang’ ‘xtable’
     All declared Imports should be used.
Flavors: r-devel-linux-x86_64-fedora-clang, r-devel-linux-x86_64-fedora-gcc, r-patched-solaris-x86, r-release-osx-x86_64, r-oldrel-osx-x86_64