Last updated on 2019-04-13 01:58:16 CEST.
Flavor | Version | Tinstall | Tcheck | Ttotal | Status | Flags |
---|---|---|---|---|---|---|
r-devel-linux-x86_64-debian-gcc | 0.1.0 | 4.20 | 35.81 | 40.01 | OK | |
r-devel-linux-x86_64-fedora-clang | 0.1.0 | 61.00 | OK | |||
r-devel-linux-x86_64-fedora-gcc | 0.1.0 | 2.06 | ERROR | |||
r-patched-linux-x86_64 | 0.1.0 | 5.01 | 45.02 | 50.03 | OK | |
r-patched-solaris-x86 | 0.1.0 | 4.40 | ERROR |
Version: 0.1.0
Check: package dependencies
Result: ERROR
Packages required but not available: 'SNPRelate', 'gdsfmt'
See section ‘The DESCRIPTION file’ in the ‘Writing R Extensions’
manual.
Flavors: r-devel-linux-x86_64-fedora-gcc, r-patched-solaris-x86