Last updated on 2019-04-13 01:58:20 CEST.
Flavor | Version | Tinstall | Tcheck | Ttotal | Status | Flags |
---|---|---|---|---|---|---|
r-devel-linux-x86_64-debian-clang | 1.0.1 | 7.07 | 91.75 | 98.82 | OK | |
r-devel-linux-x86_64-debian-gcc | 1.0.1 | 6.07 | 67.76 | 73.83 | OK | |
r-devel-linux-x86_64-fedora-clang | 1.0.1 | 113.26 | NOTE | |||
r-devel-linux-x86_64-fedora-gcc | 1.0.1 | 106.61 | NOTE | |||
r-devel-windows-ix86+x86_64 | 1.0.1 | 15.00 | 130.00 | 145.00 | OK | |
r-patched-linux-x86_64 | 1.0.1 | 7.76 | 88.88 | 96.64 | OK | |
r-patched-solaris-x86 | 1.0.1 | 173.50 | NOTE | |||
r-release-linux-x86_64 | 1.0.1 | 5.73 | 87.01 | 92.74 | OK | |
r-release-windows-ix86+x86_64 | 1.0.1 | 14.00 | 132.00 | 146.00 | OK | |
r-release-osx-x86_64 | 1.0.1 | NOTE | ||||
r-oldrel-windows-ix86+x86_64 | 1.0.1 | 7.00 | 88.00 | 95.00 | OK | |
r-oldrel-osx-x86_64 | 1.0.1 | NOTE |
Version: 1.0.1
Check: dependencies in R code
Result: NOTE
Namespaces in Imports field not imported from:
‘ape’ ‘igraph’
All declared Imports should be used.
Flavors: r-devel-linux-x86_64-fedora-clang, r-devel-linux-x86_64-fedora-gcc, r-patched-solaris-x86, r-release-osx-x86_64, r-oldrel-osx-x86_64