CRAN Package Check Results for Package RSCABS

Last updated on 2019-04-13 01:58:20 CEST.

Flavor Version Tinstall Tcheck Ttotal Status Flags
r-devel-linux-x86_64-debian-clang 0.9.3 0.64 1.94 2.58 ERROR
r-devel-linux-x86_64-debian-gcc 0.9.3 7.06 55.52 62.58 OK
r-devel-linux-x86_64-fedora-clang 0.9.3 90.29 OK
r-devel-linux-x86_64-fedora-gcc 0.9.3 87.90 OK
r-devel-windows-ix86+x86_64 0.9.3 18.00 102.00 120.00 OK
r-patched-linux-x86_64 0.9.3 8.54 66.88 75.42 OK
r-patched-solaris-x86 0.9.3 137.80 OK
r-release-linux-x86_64 0.9.3 6.44 66.13 72.57 OK
r-release-windows-ix86+x86_64 0.9.3 14.00 76.00 90.00 OK
r-release-osx-x86_64 0.9.3 ERROR
r-oldrel-windows-ix86+x86_64 0.9.3 8.00 74.00 82.00 OK
r-oldrel-osx-x86_64 0.9.3 ERROR

Check Details

Version: 0.9.3
Check: package dependencies
Result: ERROR
    Package required but not available: 'gWidgetsRGtk2'
    
    See section 'The DESCRIPTION file' in the 'Writing R Extensions'
    manual.
Flavor: r-devel-linux-x86_64-debian-clang

Version: 0.9.3
Check: package dependencies
Result: ERROR
    Packages required but not available: ‘RGtk2’ ‘gWidgetsRGtk2’
    
    See section ‘The DESCRIPTION file’ in the ‘Writing R Extensions’
    manual.
Flavors: r-release-osx-x86_64, r-oldrel-osx-x86_64