Last updated on 2019-04-13 01:58:20 CEST.
Flavor | Version | Tinstall | Tcheck | Ttotal | Status | Flags |
---|---|---|---|---|---|---|
r-devel-linux-x86_64-debian-clang | 1.7.5 | 5.05 | 51.40 | 56.45 | NOTE | |
r-devel-linux-x86_64-debian-gcc | 1.7.5 | 3.92 | 41.17 | 45.09 | NOTE | |
r-devel-linux-x86_64-fedora-clang | 1.7.5 | 65.15 | NOTE | |||
r-devel-linux-x86_64-fedora-gcc | 1.7.5 | 63.75 | NOTE | |||
r-devel-windows-ix86+x86_64 | 1.7.5 | 11.00 | 93.00 | 104.00 | NOTE | |
r-patched-linux-x86_64 | 1.7.5 | 3.78 | 51.11 | 54.89 | NOTE | |
r-patched-solaris-x86 | 1.7.5 | 84.90 | NOTE | |||
r-release-linux-x86_64 | 1.7.5 | 4.74 | 44.94 | 49.68 | NOTE | |
r-release-windows-ix86+x86_64 | 1.7.5 | 11.00 | 81.00 | 92.00 | NOTE | |
r-release-osx-x86_64 | 1.7.5 | NOTE | ||||
r-oldrel-windows-ix86+x86_64 | 1.7.5 | 7.00 | 66.00 | 73.00 | NOTE | |
r-oldrel-osx-x86_64 | 1.7.5 | NOTE |
Version: 1.7.5
Check: package dependencies
Result: NOTE
Package suggested but not available for checking: 'Rcompression'
Flavors: r-devel-linux-x86_64-debian-clang, r-devel-linux-x86_64-debian-gcc, r-devel-linux-x86_64-fedora-clang, r-devel-linux-x86_64-fedora-gcc, r-devel-windows-ix86+x86_64, r-patched-linux-x86_64, r-patched-solaris-x86, r-release-linux-x86_64, r-release-windows-ix86+x86_64, r-release-osx-x86_64, r-oldrel-windows-ix86+x86_64, r-oldrel-osx-x86_64
Version: 1.7.5
Check: dependencies in R code
Result: NOTE
Namespaces in Imports field not imported from:
‘binman’ ‘httr’
All declared Imports should be used.
Flavors: r-devel-linux-x86_64-fedora-clang, r-devel-linux-x86_64-fedora-gcc, r-patched-solaris-x86, r-release-osx-x86_64, r-oldrel-osx-x86_64