Last updated on 2019-04-13 01:58:20 CEST.
Flavor | Version | Tinstall | Tcheck | Ttotal | Status | Flags |
---|---|---|---|---|---|---|
r-devel-linux-x86_64-debian-clang | 0.14-0 | 157.88 | 57.51 | 215.39 | OK | |
r-devel-linux-x86_64-debian-gcc | 0.14-0 | 166.10 | 50.03 | 216.13 | OK | |
r-devel-linux-x86_64-fedora-clang | 0.14-0 | 321.10 | NOTE | |||
r-devel-linux-x86_64-fedora-gcc | 0.14-0 | 326.36 | OK | |||
r-devel-windows-ix86+x86_64 | 0.14-0 | 340.00 | 128.00 | 468.00 | OK | |
r-patched-linux-x86_64 | 0.14-0 | 190.72 | 61.22 | 251.94 | OK | |
r-patched-solaris-x86 | 0.14-0 | 277.10 | OK | |||
r-release-linux-x86_64 | 0.14-0 | 183.20 | 59.67 | 242.87 | OK | |
r-release-windows-ix86+x86_64 | 0.14-0 | 329.00 | 128.00 | 457.00 | OK | |
r-release-osx-x86_64 | 0.14-0 | NOTE | ||||
r-oldrel-windows-ix86+x86_64 | 0.14-0 | 216.00 | 87.00 | 303.00 | OK | |
r-oldrel-osx-x86_64 | 0.13-1 | NOTE |
Version: 0.14-0
Check: installed package size
Result: NOTE
installed size is 45.2Mb
sub-directories of 1Mb or more:
libs 44.5Mb
Flavors: r-devel-linux-x86_64-fedora-clang, r-release-osx-x86_64
Version: 0.13-1
Check: installed package size
Result: NOTE
installed size is 47.1Mb
sub-directories of 1Mb or more:
libs 46.6Mb
Flavor: r-oldrel-osx-x86_64