CRAN Package Check Results for Package RaceID

Last updated on 2019-04-13 01:58:17 CEST.

Flavor Version Tinstall Tcheck Ttotal Status Flags
r-devel-linux-x86_64-debian-clang 0.1.3 17.26 408.97 426.23 NOTE
r-devel-linux-x86_64-debian-gcc 0.1.3 16.90 305.72 322.62 OK
r-devel-linux-x86_64-fedora-clang 0.1.3 567.79 NOTE
r-devel-linux-x86_64-fedora-gcc 0.1.3 552.21 NOTE
r-devel-windows-ix86+x86_64 0.1.3 38.00 393.00 431.00 NOTE
r-patched-linux-x86_64 0.1.3 18.16 408.21 426.37 OK
r-patched-solaris-x86 0.1.3 886.40 NOTE
r-release-linux-x86_64 0.1.3 13.47 409.41 422.88 OK
r-release-windows-ix86+x86_64 0.1.3 44.00 558.00 602.00 NOTE
r-release-osx-x86_64 0.1.3 NOTE
r-oldrel-windows-ix86+x86_64 0.1.3 19.00 412.00 431.00 NOTE
r-oldrel-osx-x86_64 0.1.3 NOTE

Check Details

Version: 0.1.3
Check: package dependencies
Result: NOTE
    Package suggested but not available for checking: 'scran'
Flavors: r-devel-linux-x86_64-debian-clang, r-devel-linux-x86_64-fedora-clang, r-devel-linux-x86_64-fedora-gcc, r-patched-solaris-x86, r-release-osx-x86_64, r-oldrel-osx-x86_64

Version: 0.1.3
Check: installed package size
Result: NOTE
     installed size is 6.2Mb
     sub-directories of 1Mb or more:
     data 2.1Mb
     doc 3.6Mb
Flavors: r-devel-linux-x86_64-fedora-clang, r-devel-windows-ix86+x86_64, r-patched-solaris-x86, r-release-windows-ix86+x86_64, r-release-osx-x86_64, r-oldrel-windows-ix86+x86_64, r-oldrel-osx-x86_64

Version: 0.1.3
Check: dependencies in R code
Result: NOTE
    Namespace in Imports field not imported from: ‘MASS’
     All declared Imports should be used.
Flavors: r-devel-linux-x86_64-fedora-clang, r-devel-linux-x86_64-fedora-gcc, r-patched-solaris-x86, r-release-osx-x86_64, r-oldrel-osx-x86_64