Last updated on 2019-04-13 01:58:17 CEST.
Flavor | Version | Tinstall | Tcheck | Ttotal | Status | Flags |
---|---|---|---|---|---|---|
r-devel-linux-x86_64-debian-clang | 1.0.0 | 5.53 | 19.27 | 24.80 | OK | |
r-devel-linux-x86_64-debian-gcc | 1.0.0 | 5.11 | 15.97 | 21.08 | OK | |
r-devel-linux-x86_64-fedora-clang | 1.0.0 | 30.38 | NOTE | |||
r-devel-linux-x86_64-fedora-gcc | 1.0.0 | 29.58 | OK | |||
r-devel-windows-ix86+x86_64 | 1.0.0 | 12.00 | 41.00 | 53.00 | NOTE | |
r-patched-linux-x86_64 | 1.0.0 | 5.40 | 18.95 | 24.35 | OK | |
r-patched-solaris-x86 | 1.0.0 | 44.30 | NOTE | |||
r-release-linux-x86_64 | 1.0.0 | 5.65 | 18.32 | 23.97 | OK | |
r-release-windows-ix86+x86_64 | 1.0.0 | 8.00 | 42.00 | 50.00 | NOTE | |
r-release-osx-x86_64 | 1.0.0 | NOTE | ||||
r-oldrel-windows-ix86+x86_64 | 1.0.0 | 8.00 | 37.00 | 45.00 | NOTE |
Version: 1.0.0
Check: installed package size
Result: NOTE
installed size is 6.0Mb
sub-directories of 1Mb or more:
data 5.9Mb
Flavors: r-devel-linux-x86_64-fedora-clang, r-devel-windows-ix86+x86_64, r-patched-solaris-x86, r-release-windows-ix86+x86_64, r-release-osx-x86_64, r-oldrel-windows-ix86+x86_64