CRAN Package Check Results for Package Rcapture

Last updated on 2019-04-13 01:58:17 CEST.

Flavor Version Tinstall Tcheck Ttotal Status Flags
r-devel-linux-x86_64-debian-clang 1.4-2 8.27 64.65 72.92 NOTE
r-devel-linux-x86_64-debian-gcc 1.4-2 7.03 49.21 56.24 NOTE
r-devel-linux-x86_64-fedora-clang 1.4-2 84.80 NOTE
r-devel-linux-x86_64-fedora-gcc 1.4-2 81.43 NOTE
r-devel-windows-ix86+x86_64 1.4-2 17.00 70.00 87.00 NOTE
r-patched-linux-x86_64 1.4-2 8.78 65.15 73.93 NOTE
r-patched-solaris-x86 1.4-2 109.40 NOTE
r-release-linux-x86_64 1.4-2 7.29 58.71 66.00 NOTE
r-release-windows-ix86+x86_64 1.4-2 9.00 67.00 76.00 NOTE
r-release-osx-x86_64 1.4-2 NOTE
r-oldrel-windows-ix86+x86_64 1.4-2 4.00 77.00 81.00 NOTE
r-oldrel-osx-x86_64 1.4-2 NOTE

Check Details

Version: 1.4-2
Check: R code for possible problems
Result: NOTE
    Chao.neg: no visible global function definition for 'coef'
    boxplot.closedp : pres2: no visible global function definition for
     'fitted'
    boxplot.closedp: no visible global function definition for
     'boxplot.default'
    boxplot.closedp: no visible global function definition for 'abline'
    boxplot.closedp.custom: no visible global function definition for
     'fitted'
    boxplot.closedpCI: no visible global function definition for
     'boxplot.default'
    closedp.bc: no visible global function definition for 'coef'
    closedp.bc: no visible global function definition for 'vcov'
    closedp.fitone: no visible global function definition for 'coef'
    closedp.fitone: no visible global function definition for 'dpois'
    closedp.fitone: no visible global function definition for
     'model.matrix'
    closedp.fitone: no visible global function definition for 'vcov'
    closedp.fitone: no visible global function definition for 'fitted'
    closedp.h: no visible binding for global variable 'poisson'
    closedp.internal: no visible global function definition for 'coef'
    closedp.internal: no visible global function definition for 'vcov'
    closedp.mX: no visible binding for global variable 'poisson'
    closedpCI.internal: no visible global function definition for 'coef'
    closedpCI.internal: no visible global function definition for 'vcov'
    closedpCI.internal: no visible global function definition for 'qnorm'
    closedpCI.internal: no visible global function definition for 'qchisq'
    closedpMS.t: no visible global function definition for 'coef'
    closedpMS.t: no visible global function definition for 'vcov'
    getAllModels: no visible global function definition for 'combn'
    getFormulaFromName: no visible global function definition for 'combn'
    getFormulaFromName: no visible global function definition for 'formula'
    getmX: no visible global function definition for 'terms'
    getmX: no visible global function definition for 'model.matrix'
    glm.call: no visible global function definition for 'formula'
    glm.call: no visible binding for global variable 'poisson'
    glm.call: no visible global function definition for 'coef'
    openp: no visible binding for global variable 'poisson'
    openp: no visible binding for global variable 'na.omit'
    openp: no visible global function definition for 'predict'
    plot.closedp : plotres: no visible global function definition for
     'mtext'
    plot.closedp : plotres: no visible global function definition for
     'abline'
    plot.closedp: no visible global function definition for 'par'
    plot.closedp: no visible global function definition for 'mtext'
    plot.closedpCI: no visible global function definition for 'abline'
    plot.closedpMS: no visible global function definition for 'quantile'
    plot.closedpMS: no visible global function definition for 'abline'
    plot.descriptive: no visible global function definition for 'par'
    plot.descriptive: no visible global function definition for 'mtext'
    plot.openp: no visible global function definition for 'fitted.values'
    plotCI: no visible global function definition for 'plot.default'
    plotCI: no visible global function definition for 'qchisq'
    plotCI: no visible global function definition for 'segments'
    plotCI: no visible global function definition for 'text'
    profileCI: no visible binding for global variable 'poisson'
    profileCI: no visible global function definition for 'qnorm'
    profileCI: no visible global function definition for 'qchisq'
    profileCI: no visible global function definition for 'segments'
    profileCI: no visible global function definition for 'text'
    robustd.0: no visible binding for global variable 'poisson'
    robustd.t: no visible binding for global variable 'poisson'
    uifit: no visible global function definition for 'integrate'
    Undefined global functions or variables:
     abline boxplot.default coef combn dpois fitted fitted.values formula
     integrate model.matrix mtext na.omit par plot.default poisson predict
     qchisq qnorm quantile segments terms text vcov
    Consider adding
     importFrom("graphics", "abline", "boxplot.default", "mtext", "par",
     "plot.default", "segments", "text")
     importFrom("stats", "coef", "dpois", "fitted", "fitted.values",
     "formula", "integrate", "model.matrix", "na.omit",
     "poisson", "predict", "qchisq", "qnorm", "quantile",
     "terms", "vcov")
     importFrom("utils", "combn")
    to your NAMESPACE file.
Flavors: r-devel-linux-x86_64-debian-clang, r-devel-linux-x86_64-debian-gcc, r-devel-linux-x86_64-fedora-clang, r-devel-linux-x86_64-fedora-gcc, r-devel-windows-ix86+x86_64, r-patched-linux-x86_64, r-patched-solaris-x86, r-release-linux-x86_64, r-release-windows-ix86+x86_64, r-release-osx-x86_64, r-oldrel-windows-ix86+x86_64, r-oldrel-osx-x86_64