CRAN Package Check Results for Package Rcmdr

Last updated on 2019-04-13 01:58:17 CEST.

Flavor Version Tinstall Tcheck Ttotal Status Flags
r-devel-linux-x86_64-debian-clang 2.5-2 40.44 190.99 231.43 OK
r-devel-linux-x86_64-debian-gcc 2.5-2 30.08 146.29 176.37 OK
r-devel-linux-x86_64-fedora-clang 2.5-2 272.68 NOTE
r-devel-linux-x86_64-fedora-gcc 2.5-2 263.96 OK
r-devel-windows-ix86+x86_64 2.5-2 54.00 292.00 346.00 NOTE
r-patched-linux-x86_64 2.5-2 40.38 188.78 229.16 OK
r-patched-solaris-x86 2.5-2 410.70 NOTE
r-release-linux-x86_64 2.5-2 27.49 171.98 199.47 OK
r-release-windows-ix86+x86_64 2.5-2 66.00 251.00 317.00 NOTE
r-release-osx-x86_64 2.5-2 NOTE
r-oldrel-windows-ix86+x86_64 2.5-0 11.00 7.00 18.00 ERROR
r-oldrel-osx-x86_64 2.5-2 ERROR

Check Details

Version: 2.5-2
Check: installed package size
Result: NOTE
     installed size is 6.9Mb
     sub-directories of 1Mb or more:
     R 1.1Mb
     doc 3.0Mb
     po 2.2Mb
Flavors: r-devel-linux-x86_64-fedora-clang, r-devel-windows-ix86+x86_64, r-patched-solaris-x86, r-release-windows-ix86+x86_64, r-release-osx-x86_64

Version: 2.5-0
Check: package dependencies
Result: ERROR
    Package required and available but unsuitable version: 'effects'
    
    See section 'The DESCRIPTION file' in the 'Writing R Extensions'
    manual.
Flavor: r-oldrel-windows-ix86+x86_64

Version: 2.5-2
Check: package dependencies
Result: ERROR
    Packages required and available but unsuitable versions:
     ‘RcmdrMisc’ ‘effects’
    
    See section ‘The DESCRIPTION file’ in the ‘Writing R Extensions’
    manual.
Flavor: r-oldrel-osx-x86_64