CRAN Package Check Results for Package RcmdrPlugin.IPSUR

Last updated on 2019-04-13 01:58:17 CEST.

Flavor Version Tinstall Tcheck Ttotal Status Flags
r-devel-linux-x86_64-debian-clang 0.2-1.1 25.79 127.54 153.33 NOTE
r-devel-linux-x86_64-debian-gcc 0.2-1.1 20.19 96.41 116.60 NOTE
r-devel-linux-x86_64-fedora-clang 0.2-1.1 183.45 NOTE
r-devel-linux-x86_64-fedora-gcc 0.2-1.1 174.95 NOTE
r-devel-windows-ix86+x86_64 0.2-1.1 41.00 229.00 270.00 NOTE
r-patched-linux-x86_64 0.2-1.1 25.94 124.00 149.94 NOTE
r-patched-solaris-x86 0.2-1.1 324.00 NOTE
r-release-linux-x86_64 0.2-1.1 15.24 114.53 129.77 NOTE
r-release-windows-ix86+x86_64 0.2-1.1 64.00 205.00 269.00 NOTE
r-release-osx-x86_64 0.2-1.1 NOTE
r-oldrel-windows-ix86+x86_64 0.2-1.1 23.00 126.00 149.00 NOTE
r-oldrel-osx-x86_64 0.2-1.1 NOTE

Check Details

Version: 0.2-1.1
Check: dependencies in R code
Result: NOTE
    'library' or 'require' calls in package code:
     'abind' 'e1071' 'qcc'
     Please use :: or requireNamespace() instead.
     See section 'Suggested packages' in the 'Writing R Extensions' manual.
Flavors: r-devel-linux-x86_64-debian-clang, r-devel-linux-x86_64-debian-gcc, r-devel-linux-x86_64-fedora-clang, r-devel-linux-x86_64-fedora-gcc, r-devel-windows-ix86+x86_64, r-patched-linux-x86_64, r-patched-solaris-x86, r-release-linux-x86_64, r-release-windows-ix86+x86_64, r-release-osx-x86_64, r-oldrel-windows-ix86+x86_64, r-oldrel-osx-x86_64