Last updated on 2019-04-13 01:58:17 CEST.
Flavor | Version | Tinstall | Tcheck | Ttotal | Status | Flags |
---|---|---|---|---|---|---|
r-devel-linux-x86_64-debian-clang | 0.9.300.2.0 | 37.47 | 229.52 | 266.99 | OK | |
r-devel-linux-x86_64-debian-gcc | 0.9.300.2.0 | 28.49 | 168.71 | 197.20 | OK | |
r-devel-linux-x86_64-fedora-clang | 0.9.300.2.0 | 381.98 | NOTE | |||
r-devel-linux-x86_64-fedora-gcc | 0.9.300.2.0 | 335.46 | OK | |||
r-devel-windows-ix86+x86_64 | 0.9.300.2.0 | 120.00 | 552.00 | 672.00 | NOTE | |
r-patched-linux-x86_64 | 0.9.300.2.0 | 35.70 | 219.27 | 254.97 | OK | |
r-patched-solaris-x86 | 0.9.300.2.0 | 258.50 | NOTE | |||
r-release-linux-x86_64 | 0.9.300.2.0 | 34.68 | 216.95 | 251.63 | OK | |
r-release-windows-ix86+x86_64 | 0.9.300.2.0 | 101.00 | 569.00 | 670.00 | NOTE | |
r-release-osx-x86_64 | 0.9.300.2.0 | NOTE | ||||
r-oldrel-windows-ix86+x86_64 | 0.9.300.2.0 | 72.00 | 367.00 | 439.00 | NOTE | |
r-oldrel-osx-x86_64 | 0.9.300.2.0 | NOTE |
Version: 0.9.300.2.0
Check: installed package size
Result: NOTE
installed size is 8.0Mb
sub-directories of 1Mb or more:
include 5.6Mb
libs 1.4Mb
Flavors: r-devel-linux-x86_64-fedora-clang, r-devel-windows-ix86+x86_64, r-patched-solaris-x86, r-release-windows-ix86+x86_64, r-release-osx-x86_64, r-oldrel-windows-ix86+x86_64, r-oldrel-osx-x86_64