Last updated on 2019-04-13 01:58:19 CEST.
Flavor | Version | Tinstall | Tcheck | Ttotal | Status | Flags |
---|---|---|---|---|---|---|
r-devel-linux-x86_64-debian-clang | 1.2.0 | 25.22 | 215.45 | 240.67 | OK | |
r-devel-linux-x86_64-debian-gcc | 1.2.0 | 21.91 | 167.39 | 189.30 | OK | |
r-devel-linux-x86_64-fedora-clang | 1.2.0 | 294.97 | NOTE | |||
r-devel-linux-x86_64-fedora-gcc | 1.2.0 | 281.04 | NOTE | |||
r-devel-windows-ix86+x86_64 | 1.1.0 | 66.00 | 201.00 | 267.00 | OK | |
r-patched-linux-x86_64 | 1.2.0 | 22.34 | 209.38 | 231.72 | OK | |
r-patched-solaris-x86 | 1.2.0 | 432.40 | NOTE | |||
r-release-linux-x86_64 | 1.1.0 | 17.22 | 194.90 | 212.12 | OK | |
r-release-windows-ix86+x86_64 | 1.1.0 | 39.00 | 276.00 | 315.00 | OK | |
r-release-osx-x86_64 | 1.1.0 | NOTE | ||||
r-oldrel-windows-ix86+x86_64 | 1.1.0 | 29.00 | 214.00 | 243.00 | NOTE | |
r-oldrel-osx-x86_64 | 1.1.0 | NOTE |
Version: 1.2.0
Check: package dependencies
Result: NOTE
Packages suggested but not available for checking:
'affydata', 'hgu95av2cdf', 'illuminaHumanv3.db'
Flavors: r-devel-linux-x86_64-fedora-clang, r-devel-linux-x86_64-fedora-gcc, r-patched-solaris-x86
Version: 1.1.0
Check: package dependencies
Result: NOTE
Packages suggested but not available for checking:
‘affydata’ ‘hgu95av2cdf’ ‘beadarrayExampleData’ ‘illuminaHumanv3.db’
Flavors: r-release-osx-x86_64, r-oldrel-osx-x86_64
Version: 1.1.0
Check: package dependencies
Result: NOTE
Packages suggested but not available for checking:
'hgu95av2cdf' 'illuminaHumanv3.db'
Flavor: r-oldrel-windows-ix86+x86_64