Last updated on 2019-04-13 01:58:20 CEST.
Flavor | Version | Tinstall | Tcheck | Ttotal | Status | Flags |
---|---|---|---|---|---|---|
r-devel-linux-x86_64-debian-clang | 1.2 | 14.71 | 106.07 | 120.78 | OK | |
r-devel-linux-x86_64-debian-gcc | 1.2 | 12.34 | 80.84 | 93.18 | OK | |
r-devel-linux-x86_64-fedora-clang | 1.2 | 142.15 | NOTE | |||
r-devel-linux-x86_64-fedora-gcc | 1.2 | 137.01 | NOTE | |||
r-devel-windows-ix86+x86_64 | 1.2 | 29.00 | 108.00 | 137.00 | OK | |
r-patched-linux-x86_64 | 1.2 | 13.37 | 104.76 | 118.13 | OK | |
r-release-linux-x86_64 | 1.2 | 9.16 | 103.47 | 112.63 | OK | |
r-release-windows-ix86+x86_64 | 1.2 | 24.00 | 176.00 | 200.00 | OK | |
r-release-osx-x86_64 | 1.2 | NOTE | ||||
r-oldrel-windows-ix86+x86_64 | 1.2 | 16.00 | 110.00 | 126.00 | OK | |
r-oldrel-osx-x86_64 | 1.2 | NOTE |
Version: 1.2
Check: dependencies in R code
Result: NOTE
Namespaces in Imports field not imported from:
‘DT’ ‘rmarkdown’
All declared Imports should be used.
Flavors: r-devel-linux-x86_64-fedora-clang, r-devel-linux-x86_64-fedora-gcc, r-release-osx-x86_64, r-oldrel-osx-x86_64