CRAN Package Check Results for Package SAMM

Last updated on 2019-04-13 01:58:20 CEST.

Flavor Version Tinstall Tcheck Ttotal Status Flags
r-devel-linux-x86_64-debian-clang 1.1.1 93.18 23.37 116.55 OK
r-devel-linux-x86_64-debian-gcc 1.1.1 82.95 19.28 102.23 OK
r-devel-linux-x86_64-fedora-clang 1.1.1 179.84 NOTE
r-devel-linux-x86_64-fedora-gcc 1.1.1 157.37 OK
r-devel-windows-ix86+x86_64 1.1.1 198.00 84.00 282.00 OK
r-patched-linux-x86_64 1.1.1 94.76 23.30 118.06 OK
r-patched-solaris-x86 1.1.1 166.80 OK
r-release-linux-x86_64 1.1.1 92.06 22.07 114.13 OK
r-release-windows-ix86+x86_64 1.1.1 192.00 61.00 253.00 OK
r-release-osx-x86_64 1.1.1 NOTE
r-oldrel-windows-ix86+x86_64 1.1.1 150.00 63.00 213.00 OK
r-oldrel-osx-x86_64 1.1.1 NOTE

Check Details

Version: 1.1.1
Check: installed package size
Result: NOTE
     installed size is 13.0Mb
     sub-directories of 1Mb or more:
     libs 12.9Mb
Flavors: r-devel-linux-x86_64-fedora-clang, r-release-osx-x86_64, r-oldrel-osx-x86_64