CRAN Package Check Results for Package SAR

Last updated on 2019-04-13 01:58:20 CEST.

Flavor Version Tinstall Tcheck Ttotal Status Flags
r-devel-linux-x86_64-debian-clang 1.0.0 59.43 70.50 129.93 NOTE
r-devel-linux-x86_64-debian-gcc 1.0.0 49.07 55.33 104.40 NOTE
r-devel-linux-x86_64-fedora-clang 1.0.0 174.10 NOTE
r-devel-linux-x86_64-fedora-gcc 1.0.0 163.93 NOTE
r-devel-windows-ix86+x86_64 1.0.0 121.00 153.00 274.00 NOTE
r-patched-linux-x86_64 1.0.0 60.41 68.16 128.57 NOTE
r-patched-solaris-x86 1.0.0 211.70 NOTE
r-release-linux-x86_64 1.0.0 55.48 65.37 120.85 NOTE
r-release-windows-ix86+x86_64 1.0.0 160.00 171.00 331.00 NOTE
r-release-osx-x86_64 1.0.0 NOTE
r-oldrel-windows-ix86+x86_64 1.0.0 122.00 106.00 228.00 NOTE
r-oldrel-osx-x86_64 1.0.0 NOTE

Check Details

Version: 1.0.0
Check: for GNU extensions in Makefiles
Result: NOTE
    GNU make is a SystemRequirements.
Flavors: r-devel-linux-x86_64-debian-clang, r-devel-linux-x86_64-debian-gcc, r-devel-linux-x86_64-fedora-clang, r-devel-linux-x86_64-fedora-gcc, r-devel-windows-ix86+x86_64, r-patched-linux-x86_64, r-patched-solaris-x86, r-release-linux-x86_64, r-release-windows-ix86+x86_64, r-release-osx-x86_64, r-oldrel-windows-ix86+x86_64, r-oldrel-osx-x86_64

Version: 1.0.0
Check: dependencies in R code
Result: NOTE
    Namespaces in Imports field not imported from:
     ‘httr’ ‘jsonlite’
     All declared Imports should be used.
Flavors: r-devel-linux-x86_64-fedora-clang, r-devel-linux-x86_64-fedora-gcc, r-patched-solaris-x86, r-release-osx-x86_64, r-oldrel-osx-x86_64