CRAN Package Check Results for Package SGPdata

Last updated on 2019-04-13 01:58:21 CEST.

Flavor Version Tinstall Tcheck Ttotal Status Flags
r-devel-linux-x86_64-debian-clang 21.0-0.0 13.05 41.09 54.14 OK
r-devel-linux-x86_64-debian-gcc 21.0-0.0 12.12 33.22 45.34 OK
r-devel-linux-x86_64-fedora-clang 21.0-0.0 69.17 NOTE
r-devel-linux-x86_64-fedora-gcc 21.0-0.0 66.02 OK
r-devel-windows-ix86+x86_64 21.0-0.0 23.00 54.00 77.00 NOTE
r-patched-linux-x86_64 21.0-0.0 13.03 39.48 52.51 OK
r-patched-solaris-x86 21.0-0.0 111.30 WARN
r-release-linux-x86_64 21.0-0.0 12.73 38.49 51.22 OK
r-release-windows-ix86+x86_64 21.0-0.0 16.00 184.00 200.00 NOTE
r-release-osx-x86_64 21.0-0.0 WARN
r-oldrel-windows-ix86+x86_64 21.0-0.0 16.00 54.00 70.00 NOTE
r-oldrel-osx-x86_64 21.0-0.0 WARN

Check Details

Version: 21.0-0.0
Check: installed package size
Result: NOTE
     installed size is 7.9Mb
     sub-directories of 1Mb or more:
     data 7.8Mb
Flavors: r-devel-linux-x86_64-fedora-clang, r-devel-windows-ix86+x86_64, r-patched-solaris-x86, r-release-windows-ix86+x86_64, r-release-osx-x86_64, r-oldrel-windows-ix86+x86_64, r-oldrel-osx-x86_64

Version: 21.0-0.0
Check: re-building of vignette outputs
Result: WARN
    Error(s) in re-building vignettes:
     ...
    --- re-building ‘SGPdata.Rmd’ using rmarkdown
    Warning in engine$weave(file, quiet = quiet, encoding = enc) :
     Pandoc (>= 1.12.3) and/or pandoc-citeproc not available. Falling back to R Markdown v1.
    Quitting from lines 13-28 (SGPdata.Rmd)
    Error: processing vignette 'SGPdata.Rmd' failed with diagnostics:
    argument is of length zero
    --- failed re-building ‘SGPdata.Rmd’
    
    SUMMARY: processing the following file failed:
     ‘SGPdata.Rmd’
    
    Error: Vignette re-building failed.
    Execution halted
Flavor: r-patched-solaris-x86

Version: 21.0-0.0
Check: re-building of vignette outputs
Result: WARN
    Error in re-building vignettes:
     ...
    Warning in engine$weave(file, quiet = quiet, encoding = enc) :
     Pandoc (>= 1.12.3) and/or pandoc-citeproc not available. Falling back to R Markdown v1.
    Quitting from lines 13-28 (SGPdata.Rmd)
    Error: processing vignette 'SGPdata.Rmd' failed with diagnostics:
    argument is of length zero
    Execution halted
Flavors: r-release-osx-x86_64, r-oldrel-osx-x86_64