CRAN Package Check Results for Package SSDM

Last updated on 2019-04-13 01:58:23 CEST.

Flavor Version Tinstall Tcheck Ttotal Status Flags
r-devel-linux-x86_64-debian-clang 0.2.4 25.11 228.98 254.09 OK
r-devel-linux-x86_64-debian-gcc 0.2.4 21.36 175.76 197.12 WARN
r-devel-linux-x86_64-fedora-clang 0.2.4 317.25 NOTE
r-devel-linux-x86_64-fedora-gcc 0.2.4 304.54 NOTE
r-devel-windows-ix86+x86_64 0.2.4 58.00 252.00 310.00 OK
r-patched-linux-x86_64 0.2.4 23.51 224.02 247.53 OK
r-patched-solaris-x86 0.2.4 460.90 NOTE
r-release-linux-x86_64 0.2.4 18.39 233.46 251.85 OK
r-release-windows-ix86+x86_64 0.2.4 42.00 471.00 513.00 OK
r-release-osx-x86_64 0.2.4 NOTE
r-oldrel-windows-ix86+x86_64 0.2.4 20.00 276.00 296.00 ERROR
r-oldrel-osx-x86_64 0.2.4 NOTE

Check Details

Version: 0.2.4
Check: re-building of vignette outputs
Result: WARN
    Error(s) in re-building vignettes:
     ...
    --- re-building ‘GUI.Rmd’ using rmarkdown
    --- finished re-building ‘GUI.Rmd’
    
    --- re-building ‘SSDM.Rmd’ using rmarkdown
    Quitting from lines 92-96 (SSDM.Rmd)
    Error: processing vignette 'SSDM.Rmd' failed with diagnostics:
    trying to get slot "projection" from an object of a basic class ("NULL") with no slots
    --- failed re-building ‘SSDM.Rmd’
    
    SUMMARY: processing the following file failed:
     ‘SSDM.Rmd’
    
    Error: Vignette re-building failed.
    Execution halted
Flavor: r-devel-linux-x86_64-debian-gcc

Version: 0.2.4
Check: dependencies in R code
Result: NOTE
    Namespace in Imports field not imported from: ‘shinyFiles’
     All declared Imports should be used.
Flavors: r-devel-linux-x86_64-fedora-clang, r-devel-linux-x86_64-fedora-gcc, r-patched-solaris-x86, r-release-osx-x86_64, r-oldrel-osx-x86_64

Version: 0.2.4
Check: whether package can be installed
Result: ERROR
    Installation failed.
Flavor: r-oldrel-windows-ix86+x86_64