Last updated on 2019-04-13 01:58:23 CEST.
Flavor | Version | Tinstall | Tcheck | Ttotal | Status | Flags |
---|---|---|---|---|---|---|
r-devel-linux-x86_64-debian-clang | 1.1 | 9.16 | 86.42 | 95.58 | OK | |
r-devel-linux-x86_64-debian-gcc | 1.1 | 8.45 | 66.10 | 74.55 | OK | |
r-devel-linux-x86_64-fedora-clang | 1.1 | 115.68 | NOTE | |||
r-devel-linux-x86_64-fedora-gcc | 1.1 | 108.57 | NOTE | |||
r-devel-windows-ix86+x86_64 | 1.1 | 26.00 | 94.00 | 120.00 | OK | |
r-patched-linux-x86_64 | 1.1 | 10.12 | 82.45 | 92.57 | OK | |
r-patched-solaris-x86 | 1.1 | 178.70 | NOTE | |||
r-release-linux-x86_64 | 1.1 | 7.56 | 80.36 | 87.92 | OK | |
r-release-windows-ix86+x86_64 | 1.1 | 3.00 | 6.00 | 9.00 | ERROR | |
r-release-osx-x86_64 | 1.1 | ERROR | ||||
r-oldrel-windows-ix86+x86_64 | 1.1 | 3.00 | 5.00 | 8.00 | ERROR | |
r-oldrel-osx-x86_64 | 1.1 | ERROR |
Version: 1.1
Check: dependencies in R code
Result: NOTE
Namespace in Imports field not imported from: ‘gtools’
All declared Imports should be used.
Flavors: r-devel-linux-x86_64-fedora-clang, r-devel-linux-x86_64-fedora-gcc, r-patched-solaris-x86
Version: 1.1
Check: package dependencies
Result: ERROR
Package required and available but unsuitable version: 'ggtree'
See section 'The DESCRIPTION file' in the 'Writing R Extensions'
manual.
Flavors: r-release-windows-ix86+x86_64, r-release-osx-x86_64, r-oldrel-windows-ix86+x86_64, r-oldrel-osx-x86_64