Last updated on 2019-04-13 01:58:24 CEST.
Flavor | Version | Tinstall | Tcheck | Ttotal | Status | Flags |
---|---|---|---|---|---|---|
r-devel-linux-x86_64-debian-clang | 1.1 | 26.84 | 27.52 | 54.36 | NOTE | |
r-devel-linux-x86_64-debian-gcc | 1.1 | 20.89 | 22.79 | 43.68 | NOTE | |
r-devel-linux-x86_64-fedora-clang | 1.1 | 77.10 | NOTE | |||
r-devel-linux-x86_64-fedora-gcc | 1.1 | 69.09 | NOTE | |||
r-devel-windows-ix86+x86_64 | 1.1 | 61.00 | 82.00 | 143.00 | NOTE | |
r-patched-linux-x86_64 | 1.1 | 23.92 | 27.66 | 51.58 | NOTE | |
r-patched-solaris-x86 | 1.1 | 89.80 | NOTE | |||
r-release-linux-x86_64 | 1.1 | 22.87 | 26.25 | 49.12 | NOTE | |
r-release-windows-ix86+x86_64 | 1.1 | 63.00 | 63.00 | 126.00 | NOTE | |
r-release-osx-x86_64 | 1.1 | NOTE | ||||
r-oldrel-windows-ix86+x86_64 | 1.1 | 50.00 | 63.00 | 113.00 | NOTE | |
r-oldrel-osx-x86_64 | 1.1 | NOTE |
Version: 1.1
Check: R code for possible problems
Result: NOTE
autocorr : ac: no visible global function definition for 'cor'
balance: no visible global function definition for 'par'
balance : <anonymous>: no visible global function definition for 'sd'
balance: no visible global function definition for 'density'
balance: no visible global function definition for 'rgb'
balance: no visible global function definition for 'plot'
balance: no visible global function definition for 'abline'
balance: no visible global function definition for 'gray'
balance: no visible global function definition for 'segments'
balance: no visible global function definition for 'mtext'
balance: no visible global function definition for 'lines'
balance: no visible global function definition for 'text'
balance: no visible global function definition for 'quantile'
balance: no visible global function definition for 'axis'
balance: no visible global function definition for 'legend'
control.overlap: no visible global function definition for 'par'
control.overlap: no visible global function definition for 'plot'
control.overlap: no visible global function definition for 'segments'
control.overlap: no visible global function definition for 'points'
control.overlap: no visible global function definition for 'axis'
control.overlap: no visible global function definition for 'mtext'
effect: no visible global function definition for 'par'
effect: no visible global function definition for 'rgb'
effect: no visible global function definition for 'plot'
effect: no visible global function definition for 'density'
effect: no visible global function definition for 'abline'
effect: no visible global function definition for 'gray'
effect: no visible global function definition for 'lines'
effect: no visible global function definition for 'text'
effect: no visible global function definition for 'quantile'
effect: no visible global function definition for 'mtext'
sensitivity: no visible global function definition for 'par'
sensitivity : <anonymous>: no visible global function definition for
'quantile'
sensitivity: no visible global function definition for 'plot'
sensitivity: no visible global function definition for 'axis'
sensitivity: no visible global function definition for 'abline'
sensitivity: no visible global function definition for 'gray'
sensitivity: no visible global function definition for 'rgb'
sensitivity: no visible global function definition for 'lines'
sensitivity: no visible global function definition for 'legend'
sensitivity: no visible global function definition for 'mtext'
svmmatch: no visible binding for global variable 'sd'
svmmatch : <anonymous>: no visible global function definition for 'sd'
svmmatch: no visible global function definition for 'lm'
svmmatch : <anonymous>: no visible global function definition for 'lm'
treatment.overlap: no visible global function definition for 'par'
treatment.overlap: no visible global function definition for 'glm'
treatment.overlap: no visible global function definition for 'rgb'
treatment.overlap: no visible global function definition for 'boxplot'
Undefined global functions or variables:
abline axis boxplot cor density glm gray legend lines lm mtext par
plot points quantile rgb sd segments text
Consider adding
importFrom("grDevices", "gray", "rgb")
importFrom("graphics", "abline", "axis", "boxplot", "legend", "lines",
"mtext", "par", "plot", "points", "segments", "text")
importFrom("stats", "cor", "density", "glm", "lm", "quantile", "sd")
to your NAMESPACE file.
Flavors: r-devel-linux-x86_64-debian-clang, r-devel-linux-x86_64-debian-gcc, r-devel-linux-x86_64-fedora-clang, r-devel-linux-x86_64-fedora-gcc, r-devel-windows-ix86+x86_64, r-patched-linux-x86_64, r-patched-solaris-x86, r-release-linux-x86_64, r-release-windows-ix86+x86_64, r-release-osx-x86_64, r-oldrel-windows-ix86+x86_64, r-oldrel-osx-x86_64
Version: 1.1
Check: compiled code
Result: NOTE
File ‘SVMMatch/libs/SVMMatch.so’:
Found no calls to: ‘R_registerRoutines’, ‘R_useDynamicSymbols’
It is good practice to register native routines and to disable symbol
search.
See ‘Writing portable packages’ in the ‘Writing R Extensions’ manual.
Flavors: r-devel-linux-x86_64-fedora-clang, r-devel-linux-x86_64-fedora-gcc