Last updated on 2019-04-13 01:58:22 CEST.
Flavor | Version | Tinstall | Tcheck | Ttotal | Status | Flags |
---|---|---|---|---|---|---|
r-devel-linux-x86_64-debian-clang | 1.0.0 | 4.82 | 41.70 | 46.52 | OK | |
r-devel-linux-x86_64-debian-gcc | 1.0.0 | 3.92 | 31.76 | 35.68 | OK | |
r-devel-linux-x86_64-fedora-clang | 1.0.0 | 53.34 | NOTE | |||
r-devel-linux-x86_64-fedora-gcc | 1.0.0 | 49.69 | NOTE | |||
r-devel-windows-ix86+x86_64 | 1.0.0 | 12.00 | 77.00 | 89.00 | OK | |
r-patched-linux-x86_64 | 1.0.0 | 4.57 | 39.58 | 44.15 | OK | |
r-patched-solaris-x86 | 1.0.0 | 83.60 | NOTE | |||
r-release-linux-x86_64 | 1.0.0 | 3.11 | 38.73 | 41.84 | OK | |
r-release-windows-ix86+x86_64 | 1.0.0 | 16.00 | 78.00 | 94.00 | OK | |
r-release-osx-x86_64 | 1.0.0 | NOTE | ||||
r-oldrel-windows-ix86+x86_64 | 1.0.0 | 7.00 | 62.00 | 69.00 | OK | |
r-oldrel-osx-x86_64 | 1.0.0 | NOTE |
Version: 1.0.0
Check: dependencies in R code
Result: NOTE
Namespace in Imports field not imported from: ‘metafor’
All declared Imports should be used.
Flavors: r-devel-linux-x86_64-fedora-clang, r-devel-linux-x86_64-fedora-gcc, r-patched-solaris-x86, r-release-osx-x86_64, r-oldrel-osx-x86_64