Last updated on 2019-04-13 01:58:22 CEST.
Flavor | Version | Tinstall | Tcheck | Ttotal | Status | Flags |
---|---|---|---|---|---|---|
r-devel-linux-x86_64-debian-clang | 0.3.2 | 44.16 | 277.95 | 322.11 | OK | |
r-devel-linux-x86_64-debian-gcc | 0.3.2 | 35.90 | 465.40 | 501.30 | OK | |
r-devel-linux-x86_64-fedora-clang | 0.3.2 | 325.27 | OK | |||
r-devel-linux-x86_64-fedora-gcc | 0.3.2 | 432.47 | OK | |||
r-devel-windows-ix86+x86_64 | 0.3.2 | 98.00 | 332.00 | 430.00 | OK | |
r-patched-linux-x86_64 | 0.3.2 | 44.08 | 400.82 | 444.90 | OK | |
r-patched-solaris-x86 | 0.3.2 | 457.60 | OK | |||
r-release-linux-x86_64 | 0.3.2 | 40.27 | 310.34 | 350.61 | OK | |
r-release-windows-ix86+x86_64 | 0.3.2 | 98.00 | 470.00 | 568.00 | OK | |
r-release-osx-x86_64 | 0.3.2 | OK | ||||
r-oldrel-windows-ix86+x86_64 | 0.3.2 | 75.00 | 377.00 | 452.00 | NOTE | |
r-oldrel-osx-x86_64 | 0.3.2 | NOTE |
Version: 0.3.2
Check: R code for possible problems
Result: NOTE
spread3: no visible global function definition for 'isFALSE'
Undefined global functions or variables:
isFALSE
Flavors: r-oldrel-windows-ix86+x86_64, r-oldrel-osx-x86_64