Last updated on 2019-04-13 01:58:22 CEST.
Flavor | Version | Tinstall | Tcheck | Ttotal | Status | Flags |
---|---|---|---|---|---|---|
r-devel-linux-x86_64-debian-clang | 0.8.2 | 2.41 | 44.38 | 46.79 | NOTE | |
r-devel-linux-x86_64-debian-gcc | 0.8.2 | 1.95 | 32.30 | 34.25 | NOTE | |
r-devel-linux-x86_64-fedora-clang | 0.8.2 | 55.64 | NOTE | |||
r-devel-linux-x86_64-fedora-gcc | 0.8.2 | 53.39 | NOTE | |||
r-devel-windows-ix86+x86_64 | 0.8.2 | 7.00 | 77.00 | 84.00 | NOTE | |
r-patched-linux-x86_64 | 0.8.2 | 2.40 | 43.85 | 46.25 | NOTE | |
r-patched-solaris-x86 | 0.8.2 | 75.60 | NOTE | |||
r-release-linux-x86_64 | 0.8.2 | 1.69 | 43.35 | 45.04 | NOTE | |
r-release-windows-ix86+x86_64 | 0.8.2 | 3.00 | 75.00 | 78.00 | NOTE | |
r-release-osx-x86_64 | 0.8.2 | NOTE | ||||
r-oldrel-windows-ix86+x86_64 | 0.8.2 | 2.00 | 64.00 | 66.00 | NOTE | |
r-oldrel-osx-x86_64 | 0.8.2 | NOTE |
Version: 0.8.2
Check: DESCRIPTION meta-information
Result: NOTE
Malformed Description field: should contain one or more complete sentences.
Flavors: r-devel-linux-x86_64-debian-clang, r-devel-linux-x86_64-debian-gcc, r-devel-linux-x86_64-fedora-clang, r-devel-linux-x86_64-fedora-gcc, r-devel-windows-ix86+x86_64, r-patched-linux-x86_64, r-patched-solaris-x86, r-release-linux-x86_64, r-release-windows-ix86+x86_64, r-release-osx-x86_64, r-oldrel-windows-ix86+x86_64, r-oldrel-osx-x86_64