Last updated on 2019-04-13 01:58:22 CEST.
Flavor | Version | Tinstall | Tcheck | Ttotal | Status | Flags |
---|---|---|---|---|---|---|
r-devel-linux-x86_64-debian-clang | 0.3 | 2.09 | 20.05 | 22.14 | NOTE | |
r-devel-linux-x86_64-debian-gcc | 0.3 | 1.52 | 16.15 | 17.67 | NOTE | |
r-devel-linux-x86_64-fedora-clang | 0.3 | 26.77 | NOTE | |||
r-devel-linux-x86_64-fedora-gcc | 0.3 | 24.99 | NOTE | |||
r-devel-windows-ix86+x86_64 | 0.3 | 10.00 | 31.00 | 41.00 | OK | |
r-patched-linux-x86_64 | 0.3 | 1.95 | 19.76 | 21.71 | NOTE | |
r-patched-solaris-x86 | 0.3 | 40.50 | NOTE | |||
r-release-linux-x86_64 | 0.3 | 1.13 | 19.18 | 20.31 | NOTE | |
r-release-windows-ix86+x86_64 | 0.3 | 9.00 | 45.00 | 54.00 | OK | |
r-release-osx-x86_64 | 0.3 | NOTE | ||||
r-oldrel-windows-ix86+x86_64 | 0.3 | 5.00 | 31.00 | 36.00 | OK | |
r-oldrel-osx-x86_64 | 0.3 | NOTE |
Version: 0.3
Check: package dependencies
Result: NOTE
Package suggested but not available for checking: 'INLA'
Flavors: r-devel-linux-x86_64-debian-clang, r-devel-linux-x86_64-debian-gcc, r-patched-linux-x86_64, r-patched-solaris-x86, r-release-linux-x86_64, r-release-osx-x86_64, r-oldrel-osx-x86_64
Version: 0.3
Check: dependencies in R code
Result: NOTE
Namespaces in Imports field not imported from:
‘RColorBrewer’ ‘SpatialEpi’ ‘dplyr’ ‘dygraphs’ ‘ggplot2’
‘htmlwidgets’ ‘knitr’ ‘leaflet’ ‘mapproj’ ‘maptools’ ‘rgdal’ ‘rgeos’
‘rmarkdown’ ‘shinyjs’ ‘spdep’ ‘xts’
All declared Imports should be used.
Flavors: r-devel-linux-x86_64-fedora-clang, r-devel-linux-x86_64-fedora-gcc, r-patched-solaris-x86, r-release-osx-x86_64, r-oldrel-osx-x86_64