CRAN Package Check Results for Package StatCharrms

Last updated on 2019-04-13 01:58:23 CEST.

Flavor Version Tinstall Tcheck Ttotal Status Flags
r-devel-linux-x86_64-debian-clang 0.90.92 0.58 2.01 2.59 ERROR
r-devel-linux-x86_64-debian-gcc 0.90.92 11.97 107.88 119.85 OK
r-devel-linux-x86_64-fedora-clang 0.90.92 181.44 OK
r-devel-linux-x86_64-fedora-gcc 0.90.92 171.49 OK
r-devel-windows-ix86+x86_64 0.90.92 30.00 137.00 167.00 OK
r-patched-linux-x86_64 0.90.92 12.56 133.99 146.55 OK
r-patched-solaris-x86 0.90.92 292.10 OK
r-release-linux-x86_64 0.90.92 8.83 132.25 141.08 OK
r-release-windows-ix86+x86_64 0.90.92 29.00 192.00 221.00 OK
r-release-osx-x86_64 0.90.92 ERROR
r-oldrel-windows-ix86+x86_64 0.90.92 17.00 145.00 162.00 OK
r-oldrel-osx-x86_64 0.90.92 ERROR

Check Details

Version: 0.90.92
Check: package dependencies
Result: ERROR
    Packages required but not available: 'gWidgetsRGtk2', 'RSCABS'
    
    See section 'The DESCRIPTION file' in the 'Writing R Extensions'
    manual.
Flavor: r-devel-linux-x86_64-debian-clang

Version: 0.90.92
Check: package dependencies
Result: ERROR
    Packages required but not available:
     ‘RGtk2’ ‘gWidgetsRGtk2’ ‘cairoDevice’ ‘RSCABS’
    
    See section ‘The DESCRIPTION file’ in the ‘Writing R Extensions’
    manual.
Flavors: r-release-osx-x86_64, r-oldrel-osx-x86_64