Last updated on 2019-04-13 01:58:23 CEST.
Flavor | Version | Tinstall | Tcheck | Ttotal | Status | Flags |
---|---|---|---|---|---|---|
r-devel-linux-x86_64-debian-clang | 1.0 | 24.18 | 21.22 | 45.40 | OK | |
r-devel-linux-x86_64-debian-gcc | 1.0 | 19.53 | 17.62 | 37.15 | OK | |
r-devel-linux-x86_64-fedora-clang | 1.0 | 66.09 | NOTE | |||
r-devel-linux-x86_64-fedora-gcc | 1.0 | 60.35 | NOTE | |||
r-devel-windows-ix86+x86_64 | 1.0 | 64.00 | 71.00 | 135.00 | OK | |
r-patched-linux-x86_64 | 1.0 | 22.15 | 21.19 | 43.34 | OK | |
r-patched-solaris-x86 | 1.0 | 78.80 | OK | |||
r-release-linux-x86_64 | 1.0 | 22.25 | 20.41 | 42.66 | OK | |
r-release-windows-ix86+x86_64 | 1.0 | 41.00 | 47.00 | 88.00 | OK | |
r-release-osx-x86_64 | 1.0 | OK | ||||
r-oldrel-windows-ix86+x86_64 | 1.0 | 40.00 | 55.00 | 95.00 | OK | |
r-oldrel-osx-x86_64 | 1.0 | OK |
Version: 1.0
Check: compiled code
Result: NOTE
File ‘StepwiseTest/libs/StepwiseTest.so’:
Found no calls to: ‘R_registerRoutines’, ‘R_useDynamicSymbols’
It is good practice to register native routines and to disable symbol
search.
See ‘Writing portable packages’ in the ‘Writing R Extensions’ manual.
Flavors: r-devel-linux-x86_64-fedora-clang, r-devel-linux-x86_64-fedora-gcc