CRAN Package Check Results for Package SubgrPlots

Last updated on 2019-04-13 01:58:23 CEST.

Flavor Version Tinstall Tcheck Ttotal Status Flags
r-devel-linux-x86_64-debian-clang 0.1.0 23.09 139.13 162.22 OK
r-devel-linux-x86_64-debian-gcc 0.1.0 20.66 105.20 125.86 OK
r-devel-linux-x86_64-fedora-clang 0.1.0 191.02 NOTE
r-devel-linux-x86_64-fedora-gcc 0.1.0 185.04 NOTE
r-devel-windows-ix86+x86_64 0.1.0 51.00 126.00 177.00 OK
r-patched-linux-x86_64 0.1.0 23.26 138.03 161.29 OK
r-patched-solaris-x86 0.1.0 255.00 NOTE
r-release-linux-x86_64 0.1.0 20.94 130.65 151.59 OK
r-release-windows-ix86+x86_64 0.1.0 41.00 173.00 214.00 OK
r-release-osx-x86_64 0.1.0 NOTE
r-oldrel-windows-ix86+x86_64 0.1.0 13.00 130.00 143.00 OK
r-oldrel-osx-x86_64 0.1.0 NOTE

Check Details

Version: 0.1.0
Check: dependencies in R code
Result: NOTE
    Namespaces in Imports field not imported from:
     ‘UpSetR’ ‘alluvial’ ‘geoR’ ‘gridBase’
     All declared Imports should be used.
Flavors: r-devel-linux-x86_64-fedora-clang, r-devel-linux-x86_64-fedora-gcc, r-patched-solaris-x86, r-release-osx-x86_64, r-oldrel-osx-x86_64