CRAN Package Check Results for Package TrackReconstruction

Last updated on 2019-04-13 01:58:25 CEST.

Flavor Version Tinstall Tcheck Ttotal Status Flags
r-devel-linux-x86_64-debian-clang 1.1 5.07 119.87 124.94 NOTE
r-devel-linux-x86_64-debian-gcc 1.1 3.71 88.34 92.05 NOTE
r-devel-linux-x86_64-fedora-clang 1.1 150.32 NOTE
r-devel-linux-x86_64-fedora-gcc 1.1 135.76 NOTE
r-devel-windows-ix86+x86_64 1.1 14.00 138.00 152.00 NOTE
r-patched-linux-x86_64 1.1 4.96 114.32 119.28 NOTE
r-patched-solaris-x86 1.1 220.30 NOTE
r-release-linux-x86_64 1.1 3.86 107.73 111.59 NOTE
r-release-windows-ix86+x86_64 1.1 11.00 180.00 191.00 NOTE
r-release-osx-x86_64 1.1 NOTE
r-oldrel-windows-ix86+x86_64 1.1 7.00 126.00 133.00 NOTE
r-oldrel-osx-x86_64 1.1 NOTE

Check Details

Version: 1.1
Check: DESCRIPTION meta-information
Result: NOTE
    Malformed Title field: should not end in a period.
Flavors: r-devel-linux-x86_64-debian-clang, r-devel-linux-x86_64-debian-gcc, r-devel-linux-x86_64-fedora-clang, r-devel-linux-x86_64-fedora-gcc, r-devel-windows-ix86+x86_64, r-patched-linux-x86_64, r-patched-solaris-x86, r-release-linux-x86_64, r-release-windows-ix86+x86_64, r-release-osx-x86_64, r-oldrel-windows-ix86+x86_64, r-oldrel-osx-x86_64

Version: 1.1
Check: R code for possible problems
Result: NOTE
    DeadReckoning: no visible global function definition for 'filter'
    DeadReckoning: no visible global function definition for 'approx'
    DeadReckoning: no visible global function definition for 'lm'
    Mapper: no visible global function definition for 'colorRampPalette'
    Mapper: no visible global function definition for 'terrain.colors'
    Mapper: no visible global function definition for 'points'
    Mapper: no visible global function definition for 'axis'
    Standardize: no visible global function definition for 'lm'
    Undefined global functions or variables:
     approx axis colorRampPalette filter lm points terrain.colors
    Consider adding
     importFrom("grDevices", "colorRampPalette", "terrain.colors")
     importFrom("graphics", "axis", "points")
     importFrom("stats", "approx", "filter", "lm")
    to your NAMESPACE file.
Flavors: r-devel-linux-x86_64-debian-clang, r-devel-linux-x86_64-debian-gcc, r-devel-linux-x86_64-fedora-clang, r-devel-linux-x86_64-fedora-gcc, r-devel-windows-ix86+x86_64, r-patched-linux-x86_64, r-patched-solaris-x86, r-release-linux-x86_64, r-release-windows-ix86+x86_64, r-release-osx-x86_64, r-oldrel-windows-ix86+x86_64, r-oldrel-osx-x86_64