Last updated on 2019-04-13 01:58:25 CEST.
Flavor | Version | Tinstall | Tcheck | Ttotal | Status | Flags |
---|---|---|---|---|---|---|
r-devel-linux-x86_64-debian-clang | 3.3 | 9.56 | 67.93 | 77.49 | NOTE | |
r-devel-linux-x86_64-debian-gcc | 3.3 | 8.03 | 53.09 | 61.12 | NOTE | |
r-devel-linux-x86_64-fedora-clang | 3.3 | 94.06 | NOTE | |||
r-devel-linux-x86_64-fedora-gcc | 3.3 | 89.41 | NOTE | |||
r-devel-windows-ix86+x86_64 | 3.3 | 25.00 | 76.00 | 101.00 | NOTE | |
r-patched-linux-x86_64 | 3.3 | 8.68 | 67.30 | 75.98 | NOTE | |
r-patched-solaris-x86 | 3.3 | 143.60 | NOTE | |||
r-release-linux-x86_64 | 3.3 | 6.39 | 65.61 | 72.00 | NOTE | |
r-release-windows-ix86+x86_64 | 3.3 | 15.00 | 117.00 | 132.00 | NOTE | |
r-release-osx-x86_64 | 3.3 | NOTE | ||||
r-oldrel-windows-ix86+x86_64 | 3.3 | 7.00 | 88.00 | 95.00 | NOTE | |
r-oldrel-osx-x86_64 | 3.3 | NOTE |
Version: 3.3
Check: R code for possible problems
Result: NOTE
LikAge: no visible global function definition for 'read.table'
bd.ME.optim: no visible global function definition for 'optim'
bd.ME.optim.rho: no visible global function definition for 'optim'
bd.ME.optim.rho.all: no visible global function definition for 'optim'
bd.MEyule.optim: no visible global function definition for 'optimize'
bd.MEyule.optim: no visible global function definition for 'optim'
bd.age.optim.matlab: no visible global function definition for
'read.table'
bd.groups.conf: no visible global function definition for 'uniroot'
bd.shifts.plot: no visible global function definition for 'plot'
bd.shifts.plot: no visible global function definition for 'lines'
bdsky.stt.optim: no visible global function definition for 'optim'
create.mat: no visible global function definition for 'write.table'
Undefined global functions or variables:
lines optim optimize plot read.table uniroot write.table
Consider adding
importFrom("graphics", "lines", "plot")
importFrom("stats", "optim", "optimize", "uniroot")
importFrom("utils", "read.table", "write.table")
to your NAMESPACE file.
Flavors: r-devel-linux-x86_64-debian-clang, r-devel-linux-x86_64-debian-gcc, r-devel-linux-x86_64-fedora-clang, r-devel-linux-x86_64-fedora-gcc, r-devel-windows-ix86+x86_64, r-patched-linux-x86_64, r-patched-solaris-x86, r-release-linux-x86_64, r-release-windows-ix86+x86_64, r-release-osx-x86_64, r-oldrel-windows-ix86+x86_64, r-oldrel-osx-x86_64