CRAN Package Check Results for Package WGCNA

Last updated on 2019-04-13 01:58:27 CEST.

Flavor Version Tinstall Tcheck Ttotal Status Flags
r-devel-linux-x86_64-debian-clang 1.67 55.95 294.66 350.61 OK
r-devel-linux-x86_64-debian-gcc 1.67 48.96 228.20 277.16 OK
r-devel-linux-x86_64-fedora-clang 1.67 449.73 OK
r-devel-linux-x86_64-fedora-gcc 1.67 407.02 OK
r-devel-windows-ix86+x86_64 1.66 128.00 392.00 520.00 OK
r-patched-linux-x86_64 1.67 54.12 291.43 345.55 OK
r-patched-solaris-x86 1.67 536.80 OK
r-release-linux-x86_64 1.66 48.13 281.31 329.44 OK
r-release-windows-ix86+x86_64 1.66 110.00 480.00 590.00 OK
r-release-osx-x86_64 1.66 NOTE
r-oldrel-windows-ix86+x86_64 1.66 57.00 342.00 399.00 OK
r-oldrel-osx-x86_64 1.66 ERROR

Check Details

Version: 1.66
Check: package dependencies
Result: NOTE
    Package suggested but not available for checking: ‘org.Mm.eg.db’
Flavor: r-release-osx-x86_64

Version: 1.66
Check: package dependencies
Result: ERROR
    Package required but not available: ‘GO.db’
    
    Packages suggested but not available for checking:
     ‘org.Hs.eg.db’ ‘org.Mm.eg.db’
    
    See section ‘The DESCRIPTION file’ in the ‘Writing R Extensions’
    manual.
Flavor: r-oldrel-osx-x86_64